CRAN Package Check Results for Package live

Last updated on 2020-02-21 17:47:50 CET.

Flavor Version Tinstall Tcheck Ttotal Status Flags
r-devel-linux-x86_64-debian-clang 1.5.13 11.86 147.41 159.27 OK
r-devel-linux-x86_64-debian-gcc 1.5.13 9.71 108.45 118.16 OK
r-devel-linux-x86_64-fedora-clang 1.5.13 179.40 NOTE
r-devel-linux-x86_64-fedora-gcc 1.5.13 171.11 NOTE
r-devel-windows-ix86+x86_64 1.5.13 25.00 149.00 174.00 OK
r-devel-windows-ix86+x86_64-gcc8 1.5.13 48.00 211.00 259.00 OK
r-patched-linux-x86_64 1.5.13 8.29 124.04 132.33 OK
r-patched-solaris-x86 1.5.13 180.60 NOTE
r-release-linux-x86_64 1.5.13 9.62 125.35 134.97 OK
r-release-windows-ix86+x86_64 1.5.13 21.00 157.00 178.00 OK
r-release-osx-x86_64 1.5.13 NOTE
r-oldrel-windows-ix86+x86_64 1.5.13 14.00 140.00 154.00 OK
r-oldrel-osx-x86_64 1.5.13 NOTE

Check Details

Version: 1.5.13
Check: dependencies in R code
Result: NOTE
    Namespace in Imports field not imported from: ‘e1071’
     All declared Imports should be used.
Flavors: r-devel-linux-x86_64-fedora-clang, r-devel-linux-x86_64-fedora-gcc, r-patched-solaris-x86, r-release-osx-x86_64, r-oldrel-osx-x86_64

Version: 1.5.13
Check: package dependencies
Result: NOTE
    Package suggested but not available for checking: ‘RWeka’
Flavor: r-patched-solaris-x86