CRAN Package Check Results for Package live

Last updated on 2021-04-15 09:50:04 CEST.

Flavor Version Tinstall Tcheck Ttotal Status Flags
r-devel-linux-x86_64-debian-clang 1.5.13 11.69 155.94 167.63 OK
r-devel-linux-x86_64-debian-gcc 1.5.13 8.97 116.41 125.38 OK
r-devel-linux-x86_64-fedora-clang 1.5.13 212.51 NOTE
r-devel-linux-x86_64-fedora-gcc 1.5.13 192.08 NOTE
r-devel-windows-ix86+x86_64 1.5.13 32.00 6.00 38.00 ERROR
r-devel-windows-x86_64-gcc10-UCRT 1.5.13 NOTE
r-patched-linux-x86_64 1.5.13 12.56 147.28 159.84 OK
r-patched-solaris-x86 1.5.13 235.90 NOTE
r-release-linux-x86_64 1.5.13 11.77 146.01 157.78 OK
r-release-macos-x86_64 1.5.13 NOTE
r-release-windows-ix86+x86_64 1.5.13 39.00 191.00 230.00 OK
r-oldrel-macos-x86_64 1.5.13 NOTE
r-oldrel-windows-ix86+x86_64 1.5.13 18.00 139.00 157.00 OK

Check Details

Version: 1.5.13
Check: dependencies in R code
Result: NOTE
    Namespace in Imports field not imported from: ‘e1071’
     All declared Imports should be used.
Flavors: r-devel-linux-x86_64-fedora-clang, r-devel-linux-x86_64-fedora-gcc, r-devel-windows-x86_64-gcc10-UCRT, r-patched-solaris-x86, r-release-macos-x86_64, r-oldrel-macos-x86_64

Version: 1.5.13
Check: whether package can be installed
Result: ERROR
    Installation failed.
    See
Flavor: r-devel-windows-ix86+x86_64

Version: 1.5.13
Check: package dependencies
Result: NOTE
    Package suggested but not available for checking: ‘RWeka’
Flavor: r-patched-solaris-x86