CRAN Package Check Results for Package live

Last updated on 2020-07-06 21:50:30 CEST.

Flavor Version Tinstall Tcheck Ttotal Status Flags
r-devel-linux-x86_64-debian-clang 1.5.13 11.36 152.20 163.56 OK
r-devel-linux-x86_64-debian-gcc 1.5.13 9.90 111.62 121.52 OK
r-devel-linux-x86_64-fedora-clang 1.5.13 195.21 NOTE
r-devel-linux-x86_64-fedora-gcc 1.5.13 186.86 NOTE
r-devel-windows-ix86+x86_64 1.5.13 36.00 158.00 194.00 OK
r-patched-linux-x86_64 1.5.13 12.21 142.35 154.56 OK
r-patched-solaris-x86 1.5.13 226.40 NOTE
r-release-linux-x86_64 1.5.13 10.28 144.36 154.64 OK
r-release-osx-x86_64 1.5.13 NOTE
r-release-windows-ix86+x86_64 1.5.13 28.00 147.00 175.00 OK
r-oldrel-osx-x86_64 1.5.13 NOTE
r-oldrel-windows-ix86+x86_64 1.5.13 35.00 225.00 260.00 OK

Check Details

Version: 1.5.13
Check: dependencies in R code
Result: NOTE
    Namespace in Imports field not imported from: ‘e1071’
     All declared Imports should be used.
Flavors: r-devel-linux-x86_64-fedora-clang, r-devel-linux-x86_64-fedora-gcc, r-patched-solaris-x86, r-release-osx-x86_64, r-oldrel-osx-x86_64

Version: 1.5.13
Check: package dependencies
Result: NOTE
    Package suggested but not available for checking: ‘RWeka’
Flavor: r-patched-solaris-x86