CRAN Package Check Results for Package litteR

Last updated on 2020-02-21 17:47:50 CET.

Flavor Version Tinstall Tcheck Ttotal Status Flags
r-devel-linux-x86_64-debian-clang 0.7.0 7.79 88.87 96.66 OK
r-devel-linux-x86_64-debian-gcc 0.7.0 6.87 67.65 74.52 OK
r-devel-linux-x86_64-fedora-clang 0.7.0 118.40 OK
r-devel-linux-x86_64-fedora-gcc 0.7.0 115.53 OK
r-devel-windows-ix86+x86_64 0.7.0 17.00 100.00 117.00 OK
r-devel-windows-ix86+x86_64-gcc8 0.7.0 33.00 147.00 180.00 OK
r-patched-linux-x86_64 0.7.0 7.69 79.45 87.14 OK
r-patched-solaris-x86 0.7.0 175.50 OK
r-release-linux-x86_64 0.7.0 7.67 79.37 87.04 OK
r-release-windows-ix86+x86_64 0.7.0 18.00 106.00 124.00 OK
r-release-osx-x86_64 0.7.0 WARN
r-oldrel-windows-ix86+x86_64 0.7.0 12.00 92.00 104.00 OK
r-oldrel-osx-x86_64 0.7.0 WARN

Check Details

Version: 0.7.0
Check: dependencies in R code
Result: NOTE
    No protocol specified
    No protocol specified
Flavors: r-release-osx-x86_64, r-oldrel-osx-x86_64

Version: 0.7.0
Check: S3 generic/method consistency
Result: WARN
    No protocol specified
    No protocol specified
    See section ‘Generic functions and methods’ in the ‘Writing R
    Extensions’ manual.
Flavors: r-release-osx-x86_64, r-oldrel-osx-x86_64

Version: 0.7.0
Check: replacement functions
Result: WARN
    No protocol specified
    No protocol specified
    The argument of a replacement function which corresponds to the right
    hand side must be named ‘value’.
Flavors: r-release-osx-x86_64, r-oldrel-osx-x86_64

Version: 0.7.0
Check: foreign function calls
Result: NOTE
    No protocol specified
    No protocol specified
    See chapter ‘System and foreign language interfaces’ in the ‘Writing R
    Extensions’ manual.
Flavors: r-release-osx-x86_64, r-oldrel-osx-x86_64

Version: 0.7.0
Check: R code for possible problems
Result: NOTE
    No protocol specified
    No protocol specified
Flavors: r-release-osx-x86_64, r-oldrel-osx-x86_64

Version: 0.7.0
Check: for missing documentation entries
Result: WARN
    No protocol specified
    No protocol specified
    All user-level objects in a package should have documentation entries.
    See chapter ‘Writing R documentation files’ in the ‘Writing R
    Extensions’ manual.
Flavors: r-release-osx-x86_64, r-oldrel-osx-x86_64

Version: 0.7.0
Check: for code/documentation mismatches
Result: WARN
    No protocol specified
    No protocol specified
    No protocol specified
    No protocol specified
    No protocol specified
    No protocol specified
Flavors: r-release-osx-x86_64, r-oldrel-osx-x86_64

Version: 0.7.0
Check: Rd \usage sections
Result: NOTE
    No protocol specified
    No protocol specified
    The \usage entries for S3 methods should use the \method markup and not
    their full name.
    See chapter ‘Writing R documentation files’ in the ‘Writing R
    Extensions’ manual.
Flavors: r-release-osx-x86_64, r-oldrel-osx-x86_64