CRAN Package Check Results for Package listcomp

Last updated on 2021-04-15 09:50:04 CEST.

Flavor Version Tinstall Tcheck Ttotal Status Flags
r-devel-linux-x86_64-debian-clang 0.3.0 2.00 24.96 26.96 NOTE
r-devel-linux-x86_64-debian-gcc 0.3.0 1.62 20.21 21.83 NOTE
r-devel-linux-x86_64-fedora-clang 0.3.0 46.42 NOTE
r-devel-linux-x86_64-fedora-gcc 0.3.0 32.33 NOTE
r-devel-windows-ix86+x86_64 0.3.0 5.00 5.00 10.00 ERROR
r-devel-windows-x86_64-gcc10-UCRT 0.3.0 NOTE
r-patched-linux-x86_64 0.3.0 1.83 24.58 26.41 OK
r-patched-solaris-x86 0.3.0 52.00 OK
r-release-linux-x86_64 0.3.0 1.84 24.56 26.40 OK
r-release-macos-x86_64 0.3.0 OK
r-release-windows-ix86+x86_64 0.3.0 5.00 40.00 45.00 OK
r-oldrel-macos-x86_64 0.3.0 OK
r-oldrel-windows-ix86+x86_64 0.3.0 4.00 32.00 36.00 OK

Check Details

Version: 0.3.0
Check: LazyData
Result: NOTE
     'LazyData' is specified without a 'data' directory
Flavors: r-devel-linux-x86_64-debian-clang, r-devel-linux-x86_64-debian-gcc, r-devel-linux-x86_64-fedora-clang, r-devel-linux-x86_64-fedora-gcc, r-devel-windows-x86_64-gcc10-UCRT

Version: 0.3.0
Check: whether package can be installed
Result: ERROR
    Installation failed.
Flavor: r-devel-windows-ix86+x86_64