CRAN Package Check Results for Package listarrays

Last updated on 2021-04-15 09:50:04 CEST.

Flavor Version Tinstall Tcheck Ttotal Status Flags
r-devel-linux-x86_64-debian-clang 0.3.1 2.60 29.25 31.85 NOTE
r-devel-linux-x86_64-debian-gcc 0.3.1 1.87 22.94 24.81 NOTE
r-devel-linux-x86_64-fedora-clang 0.3.1 51.67 NOTE
r-devel-linux-x86_64-fedora-gcc 0.3.1 37.52 NOTE
r-devel-windows-ix86+x86_64 0.3.1 6.00 6.00 12.00 ERROR
r-devel-windows-x86_64-gcc10-UCRT 0.3.1 NOTE
r-patched-linux-x86_64 0.3.1 2.73 28.11 30.84 OK
r-patched-solaris-x86 0.3.1 56.90 OK
r-release-linux-x86_64 0.3.1 2.57 28.05 30.62 OK
r-release-macos-x86_64 0.3.1 OK
r-release-windows-ix86+x86_64 0.3.1 6.00 45.00 51.00 OK
r-oldrel-macos-x86_64 0.3.1 OK
r-oldrel-windows-ix86+x86_64 0.3.1 4.00 35.00 39.00 OK

Check Details

Version: 0.3.1
Check: LazyData
Result: NOTE
     'LazyData' is specified without a 'data' directory
Flavors: r-devel-linux-x86_64-debian-clang, r-devel-linux-x86_64-debian-gcc, r-devel-linux-x86_64-fedora-clang, r-devel-linux-x86_64-fedora-gcc, r-devel-windows-x86_64-gcc10-UCRT

Version: 0.3.1
Check: Rd cross-references
Result: NOTE
    Undeclared package ‘keras’ in Rd xrefs
Flavor: r-devel-linux-x86_64-fedora-clang

Version: 0.3.1
Check: whether package can be installed
Result: ERROR
    
    *
Flavor: r-devel-windows-ix86+x86_64