CRAN Package Check Results for Package list

Last updated on 2021-04-15 09:50:04 CEST.

Flavor Version Tinstall Tcheck Ttotal Status Flags
r-devel-linux-x86_64-debian-clang 9.2 40.77 196.16 236.93 OK
r-devel-linux-x86_64-debian-gcc 9.2 32.32 145.58 177.90 OK
r-devel-linux-x86_64-fedora-clang 9.2 311.59 OK
r-devel-linux-x86_64-fedora-gcc 9.2 280.58 OK
r-devel-windows-ix86+x86_64 9.2 88.00 5.00 93.00 ERROR
r-devel-windows-x86_64-gcc10-UCRT 9.2 OK
r-patched-linux-x86_64 9.2 36.26 178.45 214.71 OK
r-patched-solaris-x86 9.2 393.60 OK
r-release-linux-x86_64 9.2 35.66 180.38 216.04 OK
r-release-macos-x86_64 9.2 OK
r-release-windows-ix86+x86_64 9.2 89.00 272.00 361.00 OK
r-oldrel-macos-x86_64 9.2 OK
r-oldrel-windows-ix86+x86_64 9.2 54.00 193.00 247.00 OK

Check Details

Version: 9.2
Check: whether package can be installed
Result: ERROR
    Installation failed.
Flavor: r-devel-windows-ix86+x86_64