CRAN Package Check Results for Package liquidSVM

Last updated on 2020-02-28 22:53:37 CET.

Flavor Version Tinstall Tcheck Ttotal Status Flags
r-devel-linux-x86_64-debian-clang 1.2.4 57.18 66.50 123.68 OK
r-devel-linux-x86_64-debian-gcc 1.2.4 57.76 54.13 111.89 OK
r-devel-linux-x86_64-fedora-clang 1.2.4 161.46 NOTE
r-devel-linux-x86_64-fedora-gcc 1.2.4 183.83 NOTE
r-devel-windows-ix86+x86_64 1.2.4 126.00 109.00 235.00 NOTE --no-vignettes
r-devel-windows-ix86+x86_64-gcc8 1.2.4 107.00 96.00 203.00 NOTE --no-vignettes
r-patched-linux-x86_64 1.2.4 49.31 63.92 113.23 OK
r-patched-solaris-x86 1.2.4 255.20 NOTE
r-release-linux-x86_64 1.2.4 50.15 63.75 113.90 OK
r-release-windows-ix86+x86_64 1.2.4 100.00 125.00 225.00 NOTE --no-vignettes
r-release-osx-x86_64 1.2.4 NOTE
r-oldrel-windows-ix86+x86_64 1.2.4 101.00 121.00 222.00 NOTE --no-vignettes
r-oldrel-osx-x86_64 1.2.4 NOTE

Check Details

Version: 1.2.4
Check: installed package size
Result: NOTE
     installed size is 12.3Mb
     sub-directories of 1Mb or more:
     doc 2.2Mb
     libs 9.3Mb
Flavors: r-devel-linux-x86_64-fedora-clang, r-patched-solaris-x86, r-release-osx-x86_64, r-oldrel-osx-x86_64

Version: 1.2.4
Check: top-level files
Result: NOTE
    ‘configure’: /bin/bash is not portable
Flavors: r-devel-linux-x86_64-fedora-clang, r-devel-linux-x86_64-fedora-gcc

Version: 1.2.4
Flags: --no-vignettes
Check: installed package size
Result: NOTE
     installed size is 5.9Mb
     sub-directories of 1Mb or more:
     doc 2.2Mb
     libs 3.0Mb
Flavors: r-devel-windows-ix86+x86_64, r-devel-windows-ix86+x86_64-gcc8, r-release-windows-ix86+x86_64, r-oldrel-windows-ix86+x86_64