CRAN Package Check Results for Package lingtypology

Last updated on 2020-07-06 21:50:30 CEST.

Flavor Version Tinstall Tcheck Ttotal Status Flags
r-devel-linux-x86_64-debian-clang 1.1.3 5.87 73.71 79.58 OK
r-devel-linux-x86_64-debian-gcc 1.1.3 5.51 57.27 62.78 OK
r-devel-linux-x86_64-fedora-clang 1.1.3 104.34 NOTE
r-devel-linux-x86_64-fedora-gcc 1.1.3 95.70 NOTE
r-devel-windows-ix86+x86_64 1.1.3 21.00 98.00 119.00 OK
r-patched-linux-x86_64 1.1.3 5.53 70.80 76.33 OK
r-patched-solaris-x86 1.1.3 138.80 NOTE
r-release-linux-x86_64 1.1.3 5.92 70.33 76.25 OK
r-release-osx-x86_64 1.1.3 NOTE
r-release-windows-ix86+x86_64 1.1.3 18.00 96.00 114.00 OK
r-oldrel-osx-x86_64 1.1.3 NOTE
r-oldrel-windows-ix86+x86_64 1.1.3 23.00 147.00 170.00 OK

Check Details

Version: 1.1.3
Check: Rd cross-references
Result: NOTE
    Undeclared package ‘magrittr’ in Rd xrefs
Flavor: r-devel-linux-x86_64-fedora-clang

Version: 1.1.3
Check: data for non-ASCII characters
Result: NOTE
     Note: found 1529 marked UTF-8 strings
Flavors: r-devel-linux-x86_64-fedora-clang, r-devel-linux-x86_64-fedora-gcc, r-patched-solaris-x86, r-release-osx-x86_64, r-oldrel-osx-x86_64