CRAN Package Check Results for Package linear.tools

Last updated on 2021-06-22 09:51:40 CEST.

Flavor Version Tinstall Tcheck Ttotal Status Flags
r-devel-linux-x86_64-debian-clang 1.3.0 6.79 75.41 82.20 NOTE
r-devel-linux-x86_64-debian-gcc 1.3.0 4.83 56.16 60.99 NOTE
r-devel-linux-x86_64-fedora-clang 1.3.0 106.60 NOTE
r-devel-linux-x86_64-fedora-gcc 1.3.0 94.92 NOTE
r-devel-windows-x86_64 1.3.0 10.00 73.00 83.00 NOTE
r-devel-windows-x86_64-gcc10-UCRT 1.3.0 NOTE
r-patched-linux-x86_64 1.3.0 7.18 70.36 77.54 NOTE
r-patched-solaris-x86 1.3.0 141.20 NOTE
r-release-linux-x86_64 1.3.0 5.38 70.24 75.62 NOTE
r-release-macos-arm64 1.3.0 NOTE
r-release-macos-x86_64 1.3.0 NOTE
r-release-windows-ix86+x86_64 1.3.0 12.00 98.00 110.00 NOTE
r-oldrel-macos-x86_64 1.3.0 OK

Check Details

Version: 1.3.0
Check: LazyData
Result: NOTE
     'LazyData' is specified without a 'data' directory
Flavors: r-devel-linux-x86_64-debian-clang, r-devel-linux-x86_64-debian-gcc, r-devel-linux-x86_64-fedora-clang, r-devel-linux-x86_64-fedora-gcc, r-devel-windows-x86_64, r-devel-windows-x86_64-gcc10-UCRT, r-patched-linux-x86_64, r-patched-solaris-x86, r-release-linux-x86_64, r-release-macos-arm64, r-release-macos-x86_64, r-release-windows-ix86+x86_64