CRAN Package Check Results for Package lindia

Last updated on 2021-04-15 09:50:03 CEST.

Flavor Version Tinstall Tcheck Ttotal Status Flags
r-devel-linux-x86_64-debian-clang 0.9 4.28 57.65 61.93 NOTE
r-devel-linux-x86_64-debian-gcc 0.9 3.63 43.55 47.18 NOTE
r-devel-linux-x86_64-fedora-clang 0.9 82.88 NOTE
r-devel-linux-x86_64-fedora-gcc 0.9 71.73 NOTE
r-devel-windows-ix86+x86_64 0.9 14.00 5.00 19.00 OK
r-devel-windows-x86_64-gcc10-UCRT 0.9 NOTE
r-patched-linux-x86_64 0.9 4.35 53.87 58.22 OK
r-patched-solaris-x86 0.9 108.40 OK
r-release-linux-x86_64 0.9 4.76 53.85 58.61 OK
r-release-macos-x86_64 0.9 OK
r-release-windows-ix86+x86_64 0.9 21.00 80.00 101.00 OK
r-oldrel-macos-x86_64 0.9 OK
r-oldrel-windows-ix86+x86_64 0.9 8.00 57.00 65.00 OK

Check Details

Version: 0.9
Check: LazyData
Result: NOTE
     'LazyData' is specified without a 'data' directory
Flavors: r-devel-linux-x86_64-debian-clang, r-devel-linux-x86_64-debian-gcc, r-devel-linux-x86_64-fedora-clang, r-devel-linux-x86_64-fedora-gcc, r-devel-windows-x86_64-gcc10-UCRT