CRAN Package Check Results for Package likelihoodAsy

Last updated on 2021-04-15 09:50:03 CEST.

Flavor Version Tinstall Tcheck Ttotal Status Flags
r-devel-linux-x86_64-debian-clang 0.51 9.12 161.79 170.91 OK
r-devel-linux-x86_64-debian-gcc 0.51 6.78 115.62 122.40 OK
r-devel-linux-x86_64-fedora-clang 0.51 213.15 OK
r-devel-linux-x86_64-fedora-gcc 0.51 203.34 OK
r-devel-windows-ix86+x86_64 0.51 19.00 74.00 93.00 ERROR
r-devel-windows-x86_64-gcc10-UCRT 0.51 OK
r-patched-linux-x86_64 0.51 7.78 155.07 162.85 OK
r-patched-solaris-x86 0.51 282.60 OK
r-release-linux-x86_64 0.51 8.54 157.26 165.80 OK
r-release-macos-x86_64 0.51 OK
r-release-windows-ix86+x86_64 0.51 15.00 204.00 219.00 OK
r-oldrel-macos-x86_64 0.51 OK
r-oldrel-windows-ix86+x86_64 0.51 16.00 161.00 177.00 OK

Check Details

Version: 0.51
Check: for unstated dependencies in examples
Result: WARN
    Warning in close.connection(con) :
     Problem closing connection: No space left on device
    Warning in close.connection(con) :
     Problem closing connection: No space left on device
    Warning in file(out, "wt") :
     cannot open file 'D:\temp\RtmpmQII5R\file1346047e76bcc/rstar.ci.control.R': No space left on device
    Error in file(out, "wt") : cannot open the connection
    Execution halted
Flavor: r-devel-windows-ix86+x86_64

Version: 0.51
Check: examples
Result: ERROR
    Running massageExamples to create 'likelihoodAsy-Ex.R' failed
    Error in file(out, "wt") : cannot open the connection
    Calls: <Anonymous> -> Rd2ex -> file
    In addition: Warning messages:
    1: In close.connection(con) :
     Problem closing connection: No space left on device
    2: In close.connection(con) :
     Problem closing connection: No space left on device
    3: In close.connection(con) :
     Problem closing connection: No space left on device
    4: In close.connection(con) :
     Problem closing connection: No space left on device
    5: In file(out, "wt") :
     cannot open file 'D:\temp\RtmpyksLmX\file15f444d3a6441/rstar.ci.control.R': No space left on device
     NONE
Flavor: r-devel-windows-ix86+x86_64

Version: 0.51
Check: PDF version of manual
Result: ERROR
    Rd conversion errors:
    Warning in close.connection(con) :
     Problem closing connection: No space left on device
    Error in writeLines(x, con, useBytes = TRUE, ...) :
     Error writing to connection: No space left on device
Flavor: r-devel-windows-ix86+x86_64