CRAN Package Check Results for Package lfmm

Last updated on 2021-04-15 09:50:03 CEST.

Flavor Version Tinstall Tcheck Ttotal Status Flags
r-devel-linux-x86_64-debian-clang 1.0 43.10 186.60 229.70 OK
r-devel-linux-x86_64-debian-gcc 1.0 32.22 138.06 170.28 OK
r-devel-linux-x86_64-fedora-clang 1.0 298.01 NOTE
r-devel-linux-x86_64-fedora-gcc 1.0 280.19 NOTE
r-devel-windows-ix86+x86_64 1.0 95.00 335.00 430.00 ERROR
r-devel-windows-x86_64-gcc10-UCRT 1.0 NOTE
r-patched-linux-x86_64 1.0 36.44 191.74 228.18 OK
r-patched-solaris-x86 1.0 634.30 NOTE
r-release-linux-x86_64 1.0 35.94 193.25 229.19 OK
r-release-macos-x86_64 1.0 NOTE
r-release-windows-ix86+x86_64 1.0 91.00 376.00 467.00 OK
r-oldrel-macos-x86_64 1.0 NOTE
r-oldrel-windows-ix86+x86_64 1.0 64.00 279.00 343.00 OK

Check Details

Version: 1.0
Check: installed package size
Result: NOTE
     installed size is 12.3Mb
     sub-directories of 1Mb or more:
     data 1.8Mb
     libs 10.0Mb
Flavors: r-devel-linux-x86_64-fedora-clang, r-release-macos-x86_64, r-oldrel-macos-x86_64

Version: 1.0
Check: dependencies in R code
Result: NOTE
    Namespaces in Imports field not imported from:
     ‘ggplot2’ ‘knitr’ ‘purrr’ ‘rmarkdown’
     All declared Imports should be used.
Flavors: r-devel-linux-x86_64-fedora-clang, r-devel-linux-x86_64-fedora-gcc, r-devel-windows-x86_64-gcc10-UCRT, r-patched-solaris-x86, r-release-macos-x86_64, r-oldrel-macos-x86_64

Version: 1.0
Check: re-building of vignette outputs
Result: WARN
    Error(s) in re-building vignettes:
    --- re-building 'lfmm.Rmd' using rmarkdown
    It = 1/100, err2 = 0.163976365842701
    It = 2/100, err2 = 0.150909974059673
    It = 3/100, err2 = 0.150916204324368
    === lambda = 0.140473176172564, no zero B proportion = 0.000445384701035519
    It = 1/100, err2 = 0.150916343641328
    It = 2/100, err2 = 0.15091547425753
    === lambda = 0.134088453517907, no zero B proportion = 0.00103923096908288
    It = 1/100, err2 = 0.150915412709902
    It = 2/100, err2 = 0.150913975701532
    === lambda = 0.12799392636169, no zero B proportion = 0.00196711576290688
    It = 1/100, err2 = 0.150913871462829
    It = 2/100, err2 = 0.150911733598199
    It = 3/100, err2 = 0.150911574423684
    === lambda = 0.12217640487064, no zero B proportion = 0.00300634673198976
    It = 1/100, err2 = 0.150911562286119
    It = 2/100, err2 = 0.150908693359628
    It = 3/100, err2 = 0.150908471900049
    === lambda = 0.11662329870976, no zero B proportion = 0.00456519318561407
    It = 1/100, err2 = 0.150908454358739
    It = 2/100, err2 = 0.150904858480187
    It = 3/100, err2 = 0.150904571937453
    === lambda = 0.111322589794214, no zero B proportion = 0.00627250120625023
    It = 1/100, err2 = 0.15090454848927
    It = 2/100, err2 = 0.150900036019481
    It = 3/100, err2 = 0.150899664398152
    === lambda = 0.106262806279665, no zero B proportion = 0.00868500167019263
    It = 1/100, err2 = 0.150899632925778
    It = 2/100, err2 = 0.150894188051447
    It = 3/100, err2 = 0.150893724548089
    === lambda = 0.10143299773481, no zero B proportion = 0.0117284637939353
    Quitting from lines 221-231 (lfmm.Rmd)
    Warning in close.connection(con) :
     Problem closing connection: No space left on device
    Error: processing vignette 'lfmm.Rmd' failed with diagnostics:
    Error writing to connection
    --- failed re-building 'lfmm.Rmd'
    
    SUMMARY: processing the following file failed:
     'lfmm.Rmd'
    
    Error: Vignette re-building failed.
    Execution halted
Flavor: r-devel-windows-ix86+x86_64

Version: 1.0
Check: PDF version of manual
Result: ERROR
    Rd conversion errors:
    Warning in close.connection(con) :
     Problem closing connection: No space left on device
    Warning in close.connection(con) :
     Problem closing connection: No space left on device
    Warning in file(out, "wt") :
     cannot open file 'D:\temp\RtmponRpm3\ltx151084c7c4919/glm_test.tex': No space left on device
    Error in file(out, "wt") : cannot open the connection
Flavor: r-devel-windows-ix86+x86_64