CRAN Package Check Results for Package lfl

Last updated on 2020-03-30 20:48:31 CEST.

Flavor Version Tinstall Tcheck Ttotal Status Flags
r-devel-linux-x86_64-debian-clang 2.0 81.68 94.85 176.53 OK
r-devel-linux-x86_64-debian-gcc 2.0 49.01 71.13 120.14 OK
r-devel-linux-x86_64-fedora-clang 2.0 225.40 NOTE
r-devel-linux-x86_64-fedora-gcc 2.0 210.23 NOTE
r-devel-windows-ix86+x86_64 2.0 131.00 163.00 294.00 NOTE
r-devel-windows-ix86+x86_64-gcc8 2.0 136.00 180.00 316.00 NOTE
r-patched-linux-x86_64 2.0 61.40 90.76 152.16 OK
r-patched-solaris-x86 2.0 248.20 NOTE
r-release-linux-x86_64 2.0 56.11 83.06 139.17 OK
r-release-windows-ix86+x86_64 2.0 190.00 238.00 428.00 NOTE
r-release-osx-x86_64 2.0 NOTE
r-oldrel-windows-ix86+x86_64 2.0 5.00 7.00 12.00 ERROR
r-oldrel-osx-x86_64 2.0 NOTE

Check Details

Version: 2.0
Check: dependencies in R code
Result: NOTE
    Namespace in Imports field not imported from: ‘utils’
     All declared Imports should be used.
Flavors: r-devel-linux-x86_64-fedora-clang, r-devel-linux-x86_64-fedora-gcc, r-patched-solaris-x86, r-release-osx-x86_64, r-oldrel-osx-x86_64

Version: 2.0
Check: package dependencies
Result: NOTE
    Package suggested but not available for checking: 'doMC'
Flavors: r-devel-windows-ix86+x86_64, r-devel-windows-ix86+x86_64-gcc8, r-release-windows-ix86+x86_64, r-oldrel-windows-ix86+x86_64

Version: 2.0
Check: Rd cross-references
Result: NOTE
    Package unavailable to check Rd xrefs: 'doMC'
Flavors: r-devel-windows-ix86+x86_64, r-devel-windows-ix86+x86_64-gcc8, r-release-windows-ix86+x86_64

Version: 2.0
Check: whether package can be installed
Result: ERROR
    Installation failed.
Flavor: r-oldrel-windows-ix86+x86_64