CRAN Package Check Results for Package leiden

Last updated on 2020-07-06 21:50:30 CEST.

Flavor Version Tinstall Tcheck Ttotal Status Flags
r-devel-linux-x86_64-debian-clang 0.3.3 10.47 101.12 111.59 OK
r-devel-linux-x86_64-debian-gcc 0.3.3 7.26 78.26 85.52 OK
r-devel-linux-x86_64-fedora-clang 0.3.3 253.03 OK
r-devel-linux-x86_64-fedora-gcc 0.3.3 244.18 OK
r-devel-windows-ix86+x86_64 0.3.3 29.00 139.00 168.00 NOTE
r-patched-linux-x86_64 0.3.3 9.90 100.57 110.47 OK
r-patched-solaris-x86 0.3.3 178.50 OK
r-release-linux-x86_64 0.3.3 8.64 99.91 108.55 OK
r-release-osx-x86_64 0.3.3 OK
r-release-windows-ix86+x86_64 0.3.3 22.00 132.00 154.00 NOTE
r-oldrel-osx-x86_64 0.3.3 OK
r-oldrel-windows-ix86+x86_64 0.3.3 21.00 216.00 237.00 NOTE

Check Details

Version: 0.3.3
Check: whether the namespace can be loaded with stated dependencies
Result: NOTE
    Warning in system2(command = python, args = paste0("\"", config_script, :
     running command '"C:/Users/CRAN/AppData/Local/r-miniconda/envs/r-reticulate/python.exe" "d:/RCompile/CRANpkg/lib/4.1/reticulate/config/config.py"' had status 2
    
    A namespace must be able to be loaded with just the base namespace
    loaded: otherwise if the namespace gets loaded by a saved object, the
    session will be unable to start.
    
    Probably some imports need to be declared in the NAMESPACE file.
Flavor: r-devel-windows-ix86+x86_64

Version: 0.3.3
Check: whether the namespace can be loaded with stated dependencies
Result: NOTE
    Warning in system2(command = python, args = paste0("\"", config_script, :
     running command '"C:/Users/CRAN/AppData/Local/r-miniconda/envs/r-reticulate/python.exe" "d:/RCompile/CRANpkg/lib/4.0/reticulate/config/config.py"' had status 2
    
    A namespace must be able to be loaded with just the base namespace
    loaded: otherwise if the namespace gets loaded by a saved object, the
    session will be unable to start.
    
    Probably some imports need to be declared in the NAMESPACE file.
Flavor: r-release-windows-ix86+x86_64

Version: 0.3.3
Check: whether the namespace can be loaded with stated dependencies
Result: NOTE
    Warning in system2(command = python, args = paste0("\"", config_script, :
     running command '"C:/Users/CRAN/AppData/Local/r-miniconda/envs/r-reticulate/python.exe" "d:/RCompile/CRANpkg/lib/3.6/reticulate/config/config.py"' had status 2
    
    A namespace must be able to be loaded with just the base namespace
    loaded: otherwise if the namespace gets loaded by a saved object, the
    session will be unable to start.
    
    Probably some imports need to be declared in the NAMESPACE file.
Flavor: r-oldrel-windows-ix86+x86_64