CRAN Package Check Results for Package ldamatch

Last updated on 2020-02-28 22:53:36 CET.

Flavor Version Tinstall Tcheck Ttotal Status Flags
r-devel-linux-x86_64-debian-clang 1.0.1 6.52 173.61 180.13 OK
r-devel-linux-x86_64-debian-gcc 1.0.1 5.37 129.04 134.41 OK
r-devel-linux-x86_64-fedora-clang 1.0.1 195.39 OK
r-devel-linux-x86_64-fedora-gcc 1.0.1 189.05 OK
r-devel-windows-ix86+x86_64 1.0.1 32.00 206.00 238.00 NOTE
r-devel-windows-ix86+x86_64-gcc8 1.0.1 17.00 192.00 209.00 NOTE
r-patched-linux-x86_64 1.0.1 5.53 146.58 152.11 OK
r-patched-solaris-x86 1.0.1 415.90 OK
r-release-linux-x86_64 1.0.1 5.93 148.60 154.53 OK
r-release-windows-ix86+x86_64 1.0.1 15.00 253.00 268.00 NOTE
r-release-osx-x86_64 1.0.1 OK
r-oldrel-windows-ix86+x86_64 1.0.1 9.00 195.00 204.00 NOTE
r-oldrel-osx-x86_64 1.0.1 OK

Check Details

Version: 1.0.1
Check: package dependencies
Result: NOTE
    Package suggested but not available for checking: 'doMC'
Flavors: r-devel-windows-ix86+x86_64, r-devel-windows-ix86+x86_64-gcc8, r-release-windows-ix86+x86_64, r-oldrel-windows-ix86+x86_64