CRAN Package Check Results for Package lba

Last updated on 2021-04-15 09:50:03 CEST.

Flavor Version Tinstall Tcheck Ttotal Status Flags
r-devel-linux-x86_64-debian-clang 2.4.4 12.51 85.46 97.97 NOTE
r-devel-linux-x86_64-debian-gcc 2.4.4 9.76 63.87 73.63 NOTE
r-devel-linux-x86_64-fedora-clang 2.4.4 131.30 NOTE
r-devel-linux-x86_64-fedora-gcc 2.4.4 116.90 NOTE
r-devel-windows-ix86+x86_64 2.4.4 25.00 103.00 128.00 NOTE
r-devel-windows-x86_64-gcc10-UCRT 2.4.4 NOTE
r-patched-linux-x86_64 2.4.4 12.03 77.47 89.50 NOTE
r-patched-solaris-x86 2.4.4 144.20 NOTE
r-release-linux-x86_64 2.4.4 12.18 78.28 90.46 NOTE
r-release-macos-x86_64 2.4.4 NOTE
r-release-windows-ix86+x86_64 2.4.4 25.00 99.00 124.00 NOTE
r-oldrel-macos-x86_64 2.4.4 WARN
r-oldrel-windows-ix86+x86_64 2.4.4 18.00 69.00 87.00 NOTE

Check Details

Version: 2.4.4
Check: R code for possible problems
Result: NOTE
    plotcorr.lba.3d: warning in pch3d(colcoordi[, dim], pch = pch.budget,
     col = col.budget, ...): partial argument match of 'col' to 'color'
Flavors: r-devel-linux-x86_64-debian-clang, r-devel-linux-x86_64-debian-gcc, r-devel-linux-x86_64-fedora-clang, r-devel-linux-x86_64-fedora-gcc, r-devel-windows-ix86+x86_64, r-devel-windows-x86_64-gcc10-UCRT, r-patched-linux-x86_64, r-patched-solaris-x86, r-release-linux-x86_64, r-release-macos-x86_64, r-release-windows-ix86+x86_64, r-oldrel-macos-x86_64, r-oldrel-windows-ix86+x86_64

Version: 2.4.4
Check: whether package can be installed
Result: WARN
    Found the following significant warnings:
     Warning: 'rgl_init' failed, running with rgl.useNULL = TRUE
Flavor: r-oldrel-macos-x86_64