CRAN Package Check Results for Package lattice

Last updated on 2021-04-15 09:50:03 CEST.

Flavor Version Tinstall Tcheck Ttotal Status Flags
r-devel-linux-x86_64-debian-clang 0.20-41 12.86 142.31 155.17 OK
r-devel-linux-x86_64-debian-gcc 0.20-41 14.82 104.59 119.41 OK
r-devel-linux-x86_64-fedora-clang 0.20-41 199.32 NOTE
r-devel-linux-x86_64-fedora-gcc 0.20-41 185.20 OK
r-devel-windows-ix86+x86_64 0.20-41 34.00 223.00 257.00 OK
r-devel-windows-x86_64-gcc10-UCRT 0.20-41 OK
r-patched-linux-x86_64 0.20-41 11.99 128.80 140.79 OK
r-patched-solaris-x86 0.20-41 OK
r-release-linux-x86_64 0.20-41 17.43 128.86 146.29 OK
r-release-macos-x86_64 0.20-41 OK
r-release-windows-ix86+x86_64 0.20-41 29.00 219.00 248.00 OK
r-oldrel-macos-x86_64 0.20-41 OK
r-oldrel-windows-ix86+x86_64 0.20-41 29.00 178.00 207.00 OK

Check Details

Version: 0.20-41
Check: Rd cross-references
Result: NOTE
    Undeclared package ‘zoo’ in Rd xrefs
Flavor: r-devel-linux-x86_64-fedora-clang