CRAN Package Check Results for Package landsepi

Last updated on 2020-04-09 14:51:25 CEST.

Flavor Version Tinstall Tcheck Ttotal Status Flags
r-devel-linux-x86_64-debian-clang 0.0.8 68.20 119.11 187.31 OK
r-devel-linux-x86_64-debian-gcc 0.0.8 43.91 90.63 134.54 OK
r-devel-linux-x86_64-fedora-clang 0.0.8 242.63 OK
r-devel-linux-x86_64-fedora-gcc 0.0.8 227.59 OK
r-devel-windows-ix86+x86_64 0.0.8 188.00 615.00 803.00 NOTE
r-devel-windows-ix86+x86_64-gcc8 0.0.8 177.00 444.00 621.00 WARN
r-patched-linux-x86_64 0.0.8 52.67 116.25 168.92 OK
r-patched-osx-x86_64 0.0.8 NOTE
r-patched-solaris-x86 0.0.8 287.70 OK
r-release-linux-x86_64 0.0.8 50.68 105.79 156.47 OK
r-release-windows-ix86+x86_64 0.0.8 184.00 625.00 809.00 NOTE
r-release-osx-x86_64 0.0.8 NOTE
r-oldrel-windows-ix86+x86_64 0.0.8 216.00 488.00 704.00 NOTE
r-oldrel-osx-x86_64 0.0.8 NOTE

Check Details

Version: 0.0.8
Check: installed package size
Result: NOTE
     installed size is 79.1Mb
     sub-directories of 1Mb or more:
     gdal 3.8Mb
     libs 68.9Mb
     proj 5.0Mb
Flavors: r-devel-windows-ix86+x86_64, r-devel-windows-ix86+x86_64-gcc8, r-patched-osx-x86_64, r-release-windows-ix86+x86_64, r-release-osx-x86_64, r-oldrel-windows-ix86+x86_64, r-oldrel-osx-x86_64

Version: 0.0.8
Check: whether package can be installed
Result: WARN
    Found the following significant warnings:
     model_simul.cpp:838:22: warning: ISO C++ forbids converting a string constant to 'char*' [-Wwrite-strings]
     model_simul.cpp:719:19: warning: '.bin' directive writing 4 bytes into a region of size between 3 and 11 [-Wformat-overflow=]
     model_simul.cpp:720:22: warning: '.bin' directive writing 4 bytes into a region of size between 0 and 8 [-Wformat-overflow=]
     model_simul.cpp:721:19: warning: '.bin' directive writing 4 bytes into a region of size between 3 and 11 [-Wformat-overflow=]
     model_simul.cpp:722:19: warning: '.bin' directive writing 4 bytes into a region of size between 3 and 11 [-Wformat-overflow=]
     model_simul.cpp:723:19: warning: '.bin' directive writing 4 bytes into a region of size between 3 and 11 [-Wformat-overflow=]
     model_simul.cpp:724:19: warning: '.bin' directive writing 4 bytes into a region of size between 3 and 11 [-Wformat-overflow=]
     printReadWrite.cpp:54:23: warning: ISO C++ forbids converting a string constant to 'char*' [-Wwrite-strings]
     printReadWrite.cpp:74:23: warning: ISO C++ forbids converting a string constant to 'char*' [-Wwrite-strings]
     printReadWrite.cpp:84:25: warning: ISO C++ forbids converting a string constant to 'char*' [-Wwrite-strings]
     printReadWrite.cpp:138:38: warning: ISO C++ forbids converting a string constant to 'char*' [-Wwrite-strings]
     printReadWrite.cpp:139:40: warning: ISO C++ forbids converting a string constant to 'char*' [-Wwrite-strings]
     printReadWrite.cpp:140:47: warning: ISO C++ forbids converting a string constant to 'char*' [-Wwrite-strings]
     printReadWrite.cpp:141:45: warning: ISO C++ forbids converting a string constant to 'char*' [-Wwrite-strings]
     printReadWrite.cpp:152:91: warning: ISO C++ forbids converting a string constant to 'char*' [-Wwrite-strings]
Flavor: r-devel-windows-ix86+x86_64-gcc8