CRAN Package Check Results for Package lamW

Last updated on 2020-02-27 17:50:59 CET.

Flavor Version Tinstall Tcheck Ttotal Status Flags
r-devel-linux-x86_64-debian-clang 1.3.0 18.30 26.02 44.32 NOTE
r-devel-linux-x86_64-debian-gcc 1.3.0 10.94 21.01 31.95 NOTE
r-devel-linux-x86_64-fedora-clang 1.3.0 58.53 NOTE
r-devel-linux-x86_64-fedora-gcc 1.3.0 54.73 NOTE
r-devel-windows-ix86+x86_64 1.3.0 44.00 56.00 100.00 NOTE
r-devel-windows-ix86+x86_64-gcc8 1.3.0 45.00 64.00 109.00 NOTE
r-patched-linux-x86_64 1.3.0 13.21 24.08 37.29 NOTE
r-patched-solaris-x86 1.3.0 66.70 NOTE
r-release-linux-x86_64 1.3.0 12.87 24.10 36.97 NOTE
r-release-windows-ix86+x86_64 1.3.0 36.00 60.00 96.00 NOTE
r-release-osx-x86_64 1.3.0 NOTE
r-oldrel-windows-ix86+x86_64 1.3.0 37.00 58.00 95.00 NOTE
r-oldrel-osx-x86_64 1.3.0 NOTE

Check Details

Version: 1.3.0
Check: line endings in C/C++/Fortran sources/headers
Result: NOTE
    Found the following sources/headers with CR or CRLF line endings:
     inst/include/lamW.h
     inst/include/lamW_RcppExports.h
    Some Unix compilers require LF line endings.
Flavors: r-devel-linux-x86_64-debian-clang, r-devel-linux-x86_64-debian-gcc, r-devel-linux-x86_64-fedora-clang, r-devel-linux-x86_64-fedora-gcc, r-devel-windows-ix86+x86_64, r-devel-windows-ix86+x86_64-gcc8, r-patched-linux-x86_64, r-patched-solaris-x86, r-release-linux-x86_64, r-release-windows-ix86+x86_64, r-release-osx-x86_64

Version: 1.3.0
Check: for GNU extensions in Makefiles
Result: NOTE
    GNU make is a SystemRequirements.
Flavors: r-devel-linux-x86_64-debian-clang, r-devel-linux-x86_64-debian-gcc, r-devel-linux-x86_64-fedora-clang, r-devel-linux-x86_64-fedora-gcc, r-devel-windows-ix86+x86_64, r-devel-windows-ix86+x86_64-gcc8, r-patched-linux-x86_64, r-patched-solaris-x86, r-release-linux-x86_64, r-release-windows-ix86+x86_64, r-release-osx-x86_64, r-oldrel-windows-ix86+x86_64, r-oldrel-osx-x86_64