CRAN Package Check Results for Package lagsarlmtree

Last updated on 2020-03-30 20:48:31 CEST.

Flavor Version Tinstall Tcheck Ttotal Status Flags
r-devel-linux-x86_64-debian-clang 1.0-1 15.54 135.26 150.80 OK
r-devel-linux-x86_64-debian-gcc 1.0-1 13.87 103.14 117.01 OK
r-devel-linux-x86_64-fedora-clang 1.0-1 176.32 NOTE
r-devel-linux-x86_64-fedora-gcc 1.0-1 182.92 OK
r-devel-windows-ix86+x86_64 1.0-1 30.00 119.00 149.00 NOTE
r-devel-windows-ix86+x86_64-gcc8 1.0-1 26.00 138.00 164.00 NOTE
r-patched-linux-x86_64 1.0-1 14.41 130.83 145.24 OK
r-patched-solaris-x86 1.0-1 278.40 NOTE
r-release-linux-x86_64 1.0-1 12.55 116.68 129.23 OK
r-release-windows-ix86+x86_64 1.0-1 39.00 169.00 208.00 NOTE
r-release-osx-x86_64 1.0-1 NOTE
r-oldrel-windows-ix86+x86_64 1.0-1 25.00 170.00 195.00 NOTE
r-oldrel-osx-x86_64 1.0-1 NOTE

Check Details

Version: 1.0-1
Check: installed package size
Result: NOTE
     installed size is 8.4Mb
     sub-directories of 1Mb or more:
     data 8.3Mb
Flavors: r-devel-linux-x86_64-fedora-clang, r-devel-windows-ix86+x86_64, r-devel-windows-ix86+x86_64-gcc8, r-patched-solaris-x86, r-release-windows-ix86+x86_64, r-release-osx-x86_64, r-oldrel-windows-ix86+x86_64, r-oldrel-osx-x86_64