CRAN Package Check Results for Package labdsv

Last updated on 2020-02-21 17:47:50 CET.

Flavor Version Tinstall Tcheck Ttotal Status Flags
r-devel-linux-x86_64-debian-clang 2.0-1 12.09 89.89 101.98 OK
r-devel-linux-x86_64-debian-gcc 2.0-1 11.12 66.91 78.03 OK
r-devel-linux-x86_64-fedora-clang 2.0-1 121.89 NOTE
r-devel-linux-x86_64-fedora-gcc 2.0-1 122.19 NOTE
r-devel-windows-ix86+x86_64 2.0-1 27.00 140.00 167.00 OK
r-devel-windows-ix86+x86_64-gcc8 2.0-1 38.00 188.00 226.00 OK
r-patched-linux-x86_64 2.0-1 11.20 80.32 91.52 OK
r-patched-solaris-x86 2.0-1 162.10 OK
r-release-linux-x86_64 2.0-1 10.91 79.55 90.46 OK
r-release-windows-ix86+x86_64 2.0-1 24.00 140.00 164.00 OK
r-release-osx-x86_64 2.0-1 OK
r-oldrel-windows-ix86+x86_64 2.0-1 21.00 120.00 141.00 OK
r-oldrel-osx-x86_64 2.0-1 OK

Check Details

Version: 2.0-1
Check: compiled code
Result: NOTE
    File ‘labdsv/libs/labdsv.so’:
     Found no calls to: ‘R_registerRoutines’, ‘R_useDynamicSymbols’
    
    It is good practice to register native routines and to disable symbol
    search.
    
    See ‘Writing portable packages’ in the ‘Writing R Extensions’ manual.
Flavors: r-devel-linux-x86_64-fedora-clang, r-devel-linux-x86_64-fedora-gcc