CRAN Package Check Results for Package labdsv

Last updated on 2020-07-06 21:50:29 CEST.

Flavor Version Tinstall Tcheck Ttotal Status Flags
r-devel-linux-x86_64-debian-clang 2.0-1 14.15 88.52 102.67 OK
r-devel-linux-x86_64-debian-gcc 2.0-1 11.75 68.36 80.11 OK
r-devel-linux-x86_64-fedora-clang 2.0-1 127.92 NOTE
r-devel-linux-x86_64-fedora-gcc 2.0-1 121.44 NOTE
r-devel-windows-ix86+x86_64 2.0-1 37.00 153.00 190.00 OK
r-patched-linux-x86_64 2.0-1 12.71 89.16 101.87 OK
r-patched-solaris-x86 2.0-1 175.90 OK
r-release-linux-x86_64 2.0-1 12.91 89.34 102.25 OK
r-release-osx-x86_64 2.0-1 OK
r-release-windows-ix86+x86_64 2.0-1 27.00 153.00 180.00 OK
r-oldrel-osx-x86_64 2.0-1 OK
r-oldrel-windows-ix86+x86_64 2.0-1 29.00 196.00 225.00 OK

Check Details

Version: 2.0-1
Check: Rd cross-references
Result: NOTE
    Undeclared package ‘fso’ in Rd xrefs
Flavor: r-devel-linux-x86_64-fedora-clang

Version: 2.0-1
Check: compiled code
Result: NOTE
    File ‘labdsv/libs/labdsv.so’:
     Found no calls to: ‘R_registerRoutines’, ‘R_useDynamicSymbols’
    
    It is good practice to register native routines and to disable symbol
    search.
    
    See ‘Writing portable packages’ in the ‘Writing R Extensions’ manual.
Flavors: r-devel-linux-x86_64-fedora-clang, r-devel-linux-x86_64-fedora-gcc