CRAN Package Check Results for Package kstIO

Last updated on 2020-02-28 22:53:36 CET.

Flavor Version Tinstall Tcheck Ttotal Status Flags
r-devel-linux-x86_64-debian-clang 0.3-0 3.91 34.14 38.05 NOTE
r-devel-linux-x86_64-debian-gcc 0.3-0 3.10 26.82 29.92 NOTE
r-devel-linux-x86_64-fedora-clang 0.3-0 46.43 NOTE
r-devel-linux-x86_64-fedora-gcc 0.3-0 45.82 NOTE
r-devel-windows-ix86+x86_64 0.3-0 13.00 56.00 69.00 OK
r-devel-windows-ix86+x86_64-gcc8 0.3-0 7.00 54.00 61.00 OK
r-patched-linux-x86_64 0.3-0 3.21 31.71 34.92 OK
r-patched-solaris-x86 0.3-0 65.10 OK
r-release-linux-x86_64 0.3-0 3.00 31.79 34.79 OK
r-release-windows-ix86+x86_64 0.3-0 6.00 69.00 75.00 OK
r-release-osx-x86_64 0.3-0 NOTE
r-oldrel-windows-ix86+x86_64 0.3-0 4.00 67.00 71.00 OK
r-oldrel-osx-x86_64 0.3-0 OK

Check Details

Version: 0.3-0
Check: for non-standard things in the check directory
Result: NOTE
    Found the following files/directories:
     'DF7.bas' 'DF7.dat' 'DF7.rel' 'DF7.spc' 'DF7.struct'
Flavors: r-devel-linux-x86_64-debian-clang, r-devel-linux-x86_64-debian-gcc, r-devel-linux-x86_64-fedora-clang, r-devel-linux-x86_64-fedora-gcc

Version: 0.3-0
Check: re-building of vignette outputs
Result: NOTE
    Error(s) in re-building vignettes:
    --- re-building ‘kstIO.Rnw’ using Sweave
    Loading required package: pks
    Loading required package: sets
    Loading required package: MASS
    Loading required package: stringr
    
    Attaching package: ‘stringr’
    
    The following object is masked from ‘package:sets’:
    
     %>%
    
    Loading required package: relations
    
    Error: processing vignette 'kstIO.Rnw' failed with diagnostics:
     chunk 1
    Error in library("kst") : there is no package called ‘kst’
    
    --- failed re-building ‘kstIO.Rnw’
    
    SUMMARY: processing the following file failed:
     ‘kstIO.Rnw’
    
    Error: Vignette re-building failed.
    Execution halted
Flavor: r-release-osx-x86_64