CRAN Package Check Results for Package konfound

Last updated on 2020-03-30 20:48:31 CEST.

Flavor Version Tinstall Tcheck Ttotal Status Flags
r-devel-linux-x86_64-debian-clang 0.2.1 5.08 65.21 70.29 OK
r-devel-linux-x86_64-debian-gcc 0.2.1 5.25 50.23 55.48 OK
r-devel-linux-x86_64-fedora-clang 0.2.1 83.77 NOTE
r-devel-linux-x86_64-fedora-gcc 0.2.1 82.38 NOTE
r-devel-windows-ix86+x86_64 0.2.1 14.00 78.00 92.00 OK
r-devel-windows-ix86+x86_64-gcc8 0.2.1 11.00 81.00 92.00 OK
r-patched-linux-x86_64 0.2.1 5.29 62.59 67.88 OK
r-patched-solaris-x86 0.2.1 120.70 NOTE
r-release-linux-x86_64 0.2.1 4.53 59.11 63.64 OK
r-release-windows-ix86+x86_64 0.2.1 14.00 122.00 136.00 OK
r-release-osx-x86_64 0.2.1 NOTE
r-oldrel-windows-ix86+x86_64 0.2.1 14.00 105.00 119.00 OK
r-oldrel-osx-x86_64 0.2.1 NOTE

Check Details

Version: 0.2.1
Check: dependencies in R code
Result: NOTE
    Namespace in Imports field not imported from: ‘mice’
     All declared Imports should be used.
Flavors: r-devel-linux-x86_64-fedora-clang, r-devel-linux-x86_64-fedora-gcc, r-patched-solaris-x86, r-release-osx-x86_64, r-oldrel-osx-x86_64