CRAN Package Check Results for Package knnp

Last updated on 2020-02-28 22:53:36 CET.

Flavor Version Tinstall Tcheck Ttotal Status Flags
r-devel-linux-x86_64-debian-clang 2.0.0 2.71 24.19 26.90 OK
r-devel-linux-x86_64-debian-gcc 2.0.0 1.88 19.03 20.91 OK
r-devel-linux-x86_64-fedora-clang 2.0.0 32.04 OK
r-devel-linux-x86_64-fedora-gcc 2.0.0 31.46 OK
r-devel-windows-ix86+x86_64 2.0.0 9.00 49.00 58.00 OK
r-devel-windows-ix86+x86_64-gcc8 2.0.0 9.00 50.00 59.00 OK
r-patched-linux-x86_64 2.0.0 2.15 21.45 23.60 OK
r-patched-solaris-x86 2.0.0 58.90 OK
r-release-linux-x86_64 2.0.0 2.15 21.78 23.93 OK
r-release-windows-ix86+x86_64 2.0.0 5.00 64.00 69.00 OK
r-release-osx-x86_64 2.0.0 OK
r-oldrel-windows-ix86+x86_64 1.0.0 4.00 67.00 71.00 OK
r-oldrel-osx-x86_64 2.0.0 ERROR

Check Details

Version: 2.0.0
Check: whether package can be installed
Result: ERROR
    Installation failed.
Flavor: r-oldrel-osx-x86_64