CRAN Package Check Results for Package keyATM

Last updated on 2021-04-15 09:50:03 CEST.

Flavor Version Tinstall Tcheck Ttotal Status Flags
r-devel-linux-x86_64-debian-clang 0.4.0 251.37 164.22 415.59 OK
r-devel-linux-x86_64-debian-gcc 0.4.0 153.02 113.15 266.17 OK
r-devel-linux-x86_64-fedora-clang 0.4.0 574.00 NOTE
r-devel-linux-x86_64-fedora-gcc 0.4.0 499.11 OK
r-devel-windows-ix86+x86_64 0.4.0 556.00 331.00 887.00 OK
r-devel-windows-x86_64-gcc10-UCRT 0.4.0 ERROR
r-patched-linux-x86_64 0.4.0 189.40 163.22 352.62 OK
r-patched-solaris-x86 0.4.0 508.40 OK
r-release-linux-x86_64 0.4.0 177.77 161.42 339.19 OK
r-release-macos-x86_64 0.4.0 NOTE
r-release-windows-ix86+x86_64 0.4.0 488.00 351.00 839.00 OK
r-oldrel-macos-x86_64 0.4.0 NOTE
r-oldrel-windows-ix86+x86_64 0.4.0 364.00 231.00 595.00 OK

Check Details

Version: 0.4.0
Check: installed package size
Result: NOTE
     installed size is 14.7Mb
     sub-directories of 1Mb or more:
     libs 14.3Mb
Flavors: r-devel-linux-x86_64-fedora-clang, r-release-macos-x86_64, r-oldrel-macos-x86_64

Version: 0.4.0
Check: package dependencies
Result: ERROR
    Package required but not available: 'quanteda'
    
    See section 'The DESCRIPTION file' in the 'Writing R Extensions'
    manual.
Flavor: r-devel-windows-x86_64-gcc10-UCRT