CRAN Package Check Results for Package kernelboot

Last updated on 2021-06-16 09:53:26 CEST.

Flavor Version Tinstall Tcheck Ttotal Status Flags
r-devel-linux-x86_64-debian-clang 0.1.7 36.50 51.15 87.65 NOTE
r-devel-linux-x86_64-debian-gcc 0.1.7 22.02 38.71 60.73 NOTE
r-devel-linux-x86_64-fedora-clang 0.1.7 123.51 NOTE
r-devel-linux-x86_64-fedora-gcc 0.1.7 103.71 NOTE
r-devel-windows-x86_64 0.1.7 44.00 85.00 129.00 NOTE
r-devel-windows-x86_64-gcc10-UCRT 0.1.7 NOTE
r-patched-linux-x86_64 0.1.7 26.63 49.14 75.77 NOTE
r-patched-solaris-x86 0.1.7 126.50 NOTE
r-release-linux-x86_64 0.1.7 29.17 49.08 78.25 NOTE
r-release-macos-arm64 0.1.7 NOTE
r-release-macos-x86_64 0.1.7 NOTE
r-release-windows-ix86+x86_64 0.1.7 83.00 128.00 211.00 NOTE
r-oldrel-macos-x86_64 0.1.7 OK
r-oldrel-windows-ix86+x86_64 0.1.7 57.00 136.00 193.00 OK

Additional issues

clang-UBSAN

Check Details

Version: 0.1.7
Check: LazyData
Result: NOTE
     'LazyData' is specified without a 'data' directory
Flavors: r-devel-linux-x86_64-debian-clang, r-devel-linux-x86_64-debian-gcc, r-devel-linux-x86_64-fedora-clang, r-devel-linux-x86_64-fedora-gcc, r-devel-windows-x86_64, r-devel-windows-x86_64-gcc10-UCRT, r-patched-linux-x86_64, r-patched-solaris-x86, r-release-linux-x86_64, r-release-macos-arm64, r-release-macos-x86_64, r-release-windows-ix86+x86_64