CRAN Package Check Results for Package kerasR

Last updated on 2021-06-20 09:49:53 CEST.

Flavor Version Tinstall Tcheck Ttotal Status Flags
r-devel-linux-x86_64-debian-clang 0.6.1 9.91 91.89 101.80 OK
r-devel-linux-x86_64-debian-gcc 0.6.1 8.23 71.01 79.24 OK
r-devel-linux-x86_64-fedora-clang 0.6.1 169.97 OK
r-devel-linux-x86_64-fedora-gcc 0.6.1 157.53 OK
r-devel-windows-x86_64 0.6.1 18.00 118.00 136.00 OK
r-devel-windows-x86_64-gcc10-UCRT 0.6.1 NOTE
r-patched-linux-x86_64 0.6.1 13.76 88.45 102.21 OK
r-patched-solaris-x86 0.6.1 159.20 OK
r-release-linux-x86_64 0.6.1 10.25 88.43 98.68 OK
r-release-macos-arm64 0.6.1 OK
r-release-macos-x86_64 0.6.1 OK
r-release-windows-ix86+x86_64 0.6.1 27.00 148.00 175.00 OK
r-oldrel-macos-x86_64 0.6.1 OK
r-oldrel-windows-ix86+x86_64 0.6.1 21.00 149.00 170.00 OK

Check Details

Version: 0.6.1
Check: package dependencies
Result: NOTE
    Package suggested but not available for checking: 'covr'
Flavor: r-devel-windows-x86_64-gcc10-UCRT