CRAN Package Check Results for Package kde1d

Last updated on 2021-04-15 09:50:03 CEST.

Flavor Version Tinstall Tcheck Ttotal Status Flags
r-devel-linux-x86_64-debian-clang 1.0.3 56.42 31.74 88.16 NOTE
r-devel-linux-x86_64-debian-gcc 1.0.3 36.18 25.33 61.51 NOTE
r-devel-linux-x86_64-fedora-clang 1.0.3 121.77 NOTE
r-devel-linux-x86_64-fedora-gcc 1.0.3 103.45 NOTE
r-devel-windows-ix86+x86_64 1.0.3 103.00 83.00 186.00 NOTE
r-devel-windows-x86_64-gcc10-UCRT 1.0.3 NOTE
r-patched-linux-x86_64 1.0.3 41.10 30.98 72.08 OK
r-patched-solaris-x86 1.0.3 102.60 OK
r-release-linux-x86_64 1.0.3 46.26 30.70 76.96 OK
r-release-macos-x86_64 1.0.3 NOTE
r-release-windows-ix86+x86_64 1.0.3 84.00 78.00 162.00 OK
r-oldrel-macos-x86_64 1.0.3 NOTE
r-oldrel-windows-ix86+x86_64 1.0.3 92.00 53.00 145.00 OK

Check Details

Version: 1.0.3
Check: LazyData
Result: NOTE
     'LazyData' is specified without a 'data' directory
Flavors: r-devel-linux-x86_64-debian-clang, r-devel-linux-x86_64-debian-gcc, r-devel-linux-x86_64-fedora-clang, r-devel-linux-x86_64-fedora-gcc, r-devel-windows-ix86+x86_64, r-devel-windows-x86_64-gcc10-UCRT

Version: 1.0.3
Check: installed package size
Result: NOTE
     installed size is 14.4Mb
     sub-directories of 1Mb or more:
     libs 14.2Mb
Flavors: r-devel-linux-x86_64-fedora-clang, r-release-macos-x86_64, r-oldrel-macos-x86_64