CRAN Package Check Results for Package jstor

Last updated on 2021-04-15 09:50:03 CEST.

Flavor Version Tinstall Tcheck Ttotal Status Flags
r-devel-linux-x86_64-debian-clang 0.3.9 6.41 77.24 83.65 NOTE
r-devel-linux-x86_64-debian-gcc 0.3.9 5.01 58.83 63.84 NOTE
r-devel-linux-x86_64-fedora-clang 0.3.9 107.00 NOTE
r-devel-linux-x86_64-fedora-gcc 0.3.9 96.77 NOTE
r-devel-windows-ix86+x86_64 0.3.9 15.00 104.00 119.00 NOTE
r-devel-windows-x86_64-gcc10-UCRT 0.3.9 NOTE
r-patched-linux-x86_64 0.3.9 6.15 74.45 80.60 OK
r-patched-solaris-x86 0.3.9 157.00 OK
r-release-linux-x86_64 0.3.9 6.00 73.83 79.83 OK
r-release-macos-x86_64 0.3.9 OK
r-release-windows-ix86+x86_64 0.3.9 33.00 111.00 144.00 OK
r-oldrel-macos-x86_64 0.3.9 OK
r-oldrel-windows-ix86+x86_64 0.3.9 10.00 71.00 81.00 OK

Check Details

Version: 0.3.9
Check: LazyData
Result: NOTE
     'LazyData' is specified without a 'data' directory
Flavors: r-devel-linux-x86_64-debian-clang, r-devel-linux-x86_64-debian-gcc, r-devel-linux-x86_64-fedora-clang, r-devel-linux-x86_64-fedora-gcc, r-devel-windows-ix86+x86_64, r-devel-windows-x86_64-gcc10-UCRT