CRAN Package Check Results for Package jsonlite

Last updated on 2021-10-27 08:56:08 CEST.

Flavor Version Tinstall Tcheck Ttotal Status Flags
r-devel-linux-x86_64-debian-clang 1.7.2 8.30 48.06 56.36 OK
r-devel-linux-x86_64-debian-gcc 1.7.2 6.54 36.91 43.45 OK
r-devel-linux-x86_64-fedora-clang 1.7.2 80.46 OK
r-devel-linux-x86_64-fedora-gcc 1.7.2 69.90 OK
r-devel-windows-x86_64 1.7.2 20.00 76.00 96.00 OK
r-devel-windows-x86_64-gcc10-UCRT 1.7.2 OK
r-patched-linux-x86_64 1.7.2 8.29 49.51 57.80 OK
r-patched-solaris-x86 1.7.2 101.70 OK
r-release-linux-x86_64 1.7.2 6.57 49.22 55.79 OK
r-release-macos-arm64 1.7.2 OK
r-release-macos-x86_64 1.7.2 ERROR
r-release-windows-ix86+x86_64 1.7.2 31.00 102.00 133.00 OK
r-oldrel-macos-x86_64 1.7.2 OK
r-oldrel-windows-ix86+x86_64 1.7.2 60.00 107.00 167.00 OK

Check Details

Version: 1.7.2
Check: running R code from vignettes
Result: ERROR
    Errors in running code in vignettes:
    when running code in ‘json-opencpu.pdf.asis’
     ...
    
     When running vignette ‘json-opencpu.pdf.asis’:
    Error: No such vignette ‘json-opencpu.pdf.asis’
    Execution halted
    
     ‘json-aaquickstart.Rmd’ using ‘UTF-8’... [1s/1s] OK
     ‘json-apis.Rmd’ using ‘UTF-8’... [0s/1s] OK
     ‘json-paging.Rmd’ using ‘UTF-8’... [0s/1s] OK
     ‘json-mapping.pdf.asis’ using ‘UTF-8’... [1s/1s] OK
     ‘json-opencpu.pdf.asis’ using ‘UTF-8’... failed
Flavor: r-release-macos-x86_64

Version: 1.7.2
Check: re-building of vignette outputs
Result: NOTE
    Error(s) in re-building vignettes:
     ...
    Error in loadVignetteBuilder(pkgdir) : vignette builder 'R.rsp' not found
    Calls: <Anonymous> -> loadVignetteBuilder
    Execution halted
    Error in loadVignetteBuilder(pkgdir) : vignette builder 'R.rsp' not found
    Calls: <Anonymous> -> loadVignetteBuilder
    Execution halted
    Error in loadVignetteBuilder(pkgdir) : vignette builder 'R.rsp' not found
    Calls: <Anonymous> -> loadVignetteBuilder
    Execution halted
    SUMMARY: processing the following files failed:
     ‘json-aaquickstart.Rmd’ ‘json-apis.Rmd’ ‘json-paging.Rmd’
    
    Error: Vignette re-building failed.
    Execution halted
Flavor: r-release-macos-x86_64