CRAN Package Check Results for Package jpmesh

Last updated on 2020-03-30 20:48:31 CEST.

Flavor Version Tinstall Tcheck Ttotal Status Flags
r-devel-linux-x86_64-debian-clang 1.2.0 24.67 240.80 265.47 OK
r-devel-linux-x86_64-debian-gcc 1.2.0 23.14 178.71 201.85 OK
r-devel-linux-x86_64-fedora-clang 1.2.0 305.63 NOTE
r-devel-linux-x86_64-fedora-gcc 1.2.0 302.54 NOTE
r-devel-windows-ix86+x86_64 1.1.3 44.00 188.00 232.00 OK
r-devel-windows-ix86+x86_64-gcc8 1.2.0 44.00 230.00 274.00 OK
r-patched-linux-x86_64 1.2.0 24.06 221.13 245.19 OK
r-patched-solaris-x86 1.2.0 428.80 NOTE
r-release-linux-x86_64 1.2.0 23.11 213.87 236.98 OK
r-release-windows-ix86+x86_64 1.2.0 42.00 260.00 302.00 OK
r-release-osx-x86_64 1.2.0 NOTE
r-oldrel-windows-ix86+x86_64 1.1.3 42.00 270.00 312.00 OK
r-oldrel-osx-x86_64 1.1.3 NOTE

Check Details

Version: 1.2.0
Check: data for non-ASCII characters
Result: NOTE
     Note: found 176 marked UTF-8 strings
Flavors: r-devel-linux-x86_64-fedora-clang, r-devel-linux-x86_64-fedora-gcc, r-patched-solaris-x86, r-release-osx-x86_64

Version: 1.1.3
Check: data for non-ASCII characters
Result: NOTE
     Note: found 176 marked UTF-8 strings
Flavor: r-oldrel-osx-x86_64