CRAN Package Check Results for Package jmv

Last updated on 2021-04-15 09:50:02 CEST.

Flavor Version Tinstall Tcheck Ttotal Status Flags
r-devel-linux-x86_64-debian-clang 1.2.23 92.19 113.50 205.69 OK
r-devel-linux-x86_64-debian-gcc 1.2.23 72.39 85.73 158.12 OK
r-devel-linux-x86_64-fedora-clang 1.2.23 270.04 NOTE
r-devel-linux-x86_64-fedora-gcc 1.2.23 256.90 NOTE
r-devel-windows-ix86+x86_64 1.2.23 143.00 144.00 287.00 OK
r-devel-windows-x86_64-gcc10-UCRT 1.2.23 NOTE
r-patched-linux-x86_64 1.2.23 75.04 109.08 184.12 OK
r-patched-solaris-x86 1.2.23 332.30 NOTE
r-release-linux-x86_64 1.2.23 79.97 109.57 189.54 OK
r-release-macos-x86_64 1.2.23 NOTE
r-release-windows-ix86+x86_64 1.2.23 143.00 141.00 284.00 OK
r-oldrel-macos-x86_64 1.2.23 NOTE
r-oldrel-windows-ix86+x86_64 1.2.23 78.00 105.00 183.00 OK

Check Details

Version: 1.2.23
Check: dependencies in R code
Result: NOTE
    Namespaces in Imports field not imported from:
     ‘BayesFactor’ ‘GGally’ ‘GPArotation’ ‘MASS’ ‘PMCMR’ ‘R6’ ‘ROCR’
     ‘afex’ ‘car’ ‘emmeans’ ‘ggridges’ ‘lavaan’ ‘multcomp’ ‘mvnormtest’
     ‘nnet’ ‘psych’ ‘vcd’ ‘vcdExtra’
     All declared Imports should be used.
Flavors: r-devel-linux-x86_64-fedora-clang, r-devel-linux-x86_64-fedora-gcc, r-devel-windows-x86_64-gcc10-UCRT, r-patched-solaris-x86, r-release-macos-x86_64, r-oldrel-macos-x86_64

Version: 1.2.23
Check: package dependencies
Result: NOTE
    Package suggested but not available for checking: ‘semPlot’
Flavor: r-patched-solaris-x86