CRAN Package Check Results for Package jarbes

Last updated on 2021-04-15 09:50:02 CEST.

Flavor Version Tinstall Tcheck Ttotal Status Flags
r-devel-linux-x86_64-debian-clang 1.7.2 3.42 32.88 36.30 OK
r-devel-linux-x86_64-debian-gcc 1.7.2 2.66 25.80 28.46 OK
r-devel-linux-x86_64-fedora-clang 1.7.2 52.94 NOTE
r-devel-linux-x86_64-fedora-gcc 1.7.2 42.03 NOTE
r-devel-windows-ix86+x86_64 1.7.2 8.00 51.00 59.00 OK
r-devel-windows-x86_64-gcc10-UCRT 1.7.2 NOTE
r-patched-linux-x86_64 1.7.2 3.40 32.05 35.45 OK
r-patched-solaris-x86 1.7.2 75.60 NOTE
r-release-linux-x86_64 1.7.2 3.21 31.72 34.93 OK
r-release-macos-x86_64 1.7.2 NOTE
r-release-windows-ix86+x86_64 1.7.2 31.00 50.00 81.00 OK
r-oldrel-macos-x86_64 1.7.2 NOTE
r-oldrel-windows-ix86+x86_64 1.7.2 6.00 38.00 44.00 OK

Check Details

Version: 1.7.2
Check: dependencies in R code
Result: NOTE
    Namespaces in Imports field not imported from:
     ‘MASS’ ‘ggExtra’ ‘ggplot2’ ‘grid’ ‘gridExtra’ ‘mcmcplots’
     All declared Imports should be used.
Flavors: r-devel-linux-x86_64-fedora-clang, r-devel-linux-x86_64-fedora-gcc, r-devel-windows-x86_64-gcc10-UCRT, r-patched-solaris-x86, r-release-macos-x86_64, r-oldrel-macos-x86_64