CRAN Package Check Results for Package itunesr

Last updated on 2020-02-21 17:47:49 CET.

Flavor Version Tinstall Tcheck Ttotal Status Flags
r-devel-linux-x86_64-debian-clang 0.1.3 1.97 22.57 24.54 ERROR
r-devel-linux-x86_64-debian-gcc 0.1.3 1.43 18.13 19.56 ERROR
r-devel-linux-x86_64-fedora-clang 0.1.3 30.07 ERROR
r-devel-linux-x86_64-fedora-gcc 0.1.3 29.44 ERROR
r-devel-windows-ix86+x86_64 0.1.3 4.00 38.00 42.00 ERROR
r-devel-windows-ix86+x86_64-gcc8 0.1.3 7.00 57.00 64.00 OK
r-patched-linux-x86_64 0.1.3 1.37 20.96 22.33 ERROR
r-patched-solaris-x86 0.1.3 41.60 ERROR
r-release-linux-x86_64 0.1.3 1.47 21.02 22.49 ERROR
r-release-windows-ix86+x86_64 0.1.3 4.00 41.00 45.00 ERROR
r-release-osx-x86_64 0.1.3 NOTE
r-oldrel-windows-ix86+x86_64 0.1.3 2.00 36.00 38.00 ERROR
r-oldrel-osx-x86_64 0.1.3 NOTE

Check Details

Version: 0.1.3
Check: tests
Result: ERROR
     Running 'testthat.R' [3s/4s]
    Running the tests in 'tests/testthat.R' failed.
    Complete output:
     > library(testthat)
     > library(itunesr)
     >
     > test_check("itunesr")
     -- 1. Error: The output dataframe Type is (@test-fun.R#7) --------------------
     attempt to set an attribute on NULL
     Backtrace:
     1. testthat::expect_equal(...)
     4. itunesr::getReviews("297606951", "in", 2)
    
     == testthat results ===========================================================
     [ OK: 1 | SKIPPED: 0 | WARNINGS: 0 | FAILED: 1 ]
     1. Error: The output dataframe Type is (@test-fun.R#7)
    
     Error: testthat unit tests failed
     Execution halted
Flavor: r-devel-linux-x86_64-debian-clang

Version: 0.1.3
Check: tests
Result: ERROR
     Running ‘testthat.R’ [2s/4s]
    Running the tests in ‘tests/testthat.R’ failed.
    Complete output:
     > library(testthat)
     > library(itunesr)
     >
     > test_check("itunesr")
     ── 1. Error: The output dataframe Type is (@test-fun.R#7) ────────────────────
     attempt to set an attribute on NULL
     Backtrace:
     1. testthat::expect_equal(...)
     4. itunesr::getReviews("297606951", "in", 2)
    
     ══ testthat results ═══════════════════════════════════════════════════════════
     [ OK: 1 | SKIPPED: 0 | WARNINGS: 0 | FAILED: 1 ]
     1. Error: The output dataframe Type is (@test-fun.R#7)
    
     Error: testthat unit tests failed
     Execution halted
Flavors: r-devel-linux-x86_64-debian-gcc, r-patched-linux-x86_64, r-release-linux-x86_64

Version: 0.1.3
Check: dependencies in R code
Result: NOTE
    Namespace in Imports field not imported from: ‘curl’
     All declared Imports should be used.
Flavors: r-devel-linux-x86_64-fedora-clang, r-devel-linux-x86_64-fedora-gcc, r-patched-solaris-x86, r-release-osx-x86_64, r-oldrel-osx-x86_64

Version: 0.1.3
Check: tests
Result: ERROR
     Running ‘testthat.R’
    Running the tests in ‘tests/testthat.R’ failed.
    Complete output:
     > library(testthat)
     > library(itunesr)
     >
     > test_check("itunesr")
     ── 1. Error: The output dataframe Type is (@test-fun.R#7) ────────────────────
     attempt to set an attribute on NULL
     Backtrace:
     1. testthat::expect_equal(...)
     4. itunesr::getReviews("297606951", "in", 2)
    
     ══ testthat results ═══════════════════════════════════════════════════════════
     [ OK: 1 | SKIPPED: 0 | WARNINGS: 0 | FAILED: 1 ]
     1. Error: The output dataframe Type is (@test-fun.R#7)
    
     Error: testthat unit tests failed
     Execution halted
Flavors: r-devel-linux-x86_64-fedora-clang, r-devel-linux-x86_64-fedora-gcc

Version: 0.1.3
Check: tests
Result: ERROR
     Running 'testthat.R' [4s]
    Running the tests in 'tests/testthat.R' failed.
    Complete output:
     > library(testthat)
     > library(itunesr)
     >
     > test_check("itunesr")
     -- 1. Error: The output dataframe Type is (@test-fun.R#7) --------------------
     attempt to set an attribute on NULL
     Backtrace:
     1. testthat::expect_equal(...)
     4. itunesr::getReviews("297606951", "in", 2)
    
     == testthat results ===========================================================
     [ OK: 1 | SKIPPED: 0 | WARNINGS: 0 | FAILED: 1 ]
     1. Error: The output dataframe Type is (@test-fun.R#7)
    
     Error: testthat unit tests failed
     Execution halted
Flavors: r-devel-windows-ix86+x86_64, r-release-windows-ix86+x86_64

Version: 0.1.3
Check: tests
Result: ERROR
     Running ‘testthat.R’ [4s/19s]
    Running the tests in ‘tests/testthat.R’ failed.
    Complete output:
     > library(testthat)
     > library(itunesr)
     >
     > test_check("itunesr")
     ── 1. Error: The output dataframe Type is (@test-fun.R#7) ────────────────────
     attempt to set an attribute on NULL
     Backtrace:
     1. testthat::expect_equal(...)
     4. itunesr::getReviews("297606951", "in", 2)
    
     ══ testthat results ═══════════════════════════════════════════════════════════
     [ OK: 1 | SKIPPED: 0 | WARNINGS: 0 | FAILED: 1 ]
     1. Error: The output dataframe Type is (@test-fun.R#7)
    
     Error: testthat unit tests failed
     Execution halted
Flavor: r-patched-solaris-x86

Version: 0.1.3
Check: tests
Result: ERROR
     Running 'testthat.R' [3s]
    Running the tests in 'tests/testthat.R' failed.
    Complete output:
     > library(testthat)
     > library(itunesr)
     >
     > test_check("itunesr")
     -- 1. Error: The output dataframe Type is (@test-fun.R#7) --------------------
     attempt to set an attribute on NULL
     Backtrace:
     1. testthat::expect_equal(...)
     4. itunesr::getReviews("297606951", "in", 2)
    
     == testthat results ===========================================================
     [ OK: 1 | SKIPPED: 0 | WARNINGS: 0 | FAILED: 1 ]
     1. Error: The output dataframe Type is (@test-fun.R#7)
    
     Error: testthat unit tests failed
     Execution halted
Flavor: r-oldrel-windows-ix86+x86_64