CRAN Package Check Results for Package ispd

Last updated on 2020-02-24 20:47:22 CET.

Flavor Version Tinstall Tcheck Ttotal Status Flags
r-devel-linux-x86_64-debian-clang 0.2 11.87 86.44 98.31 OK
r-devel-linux-x86_64-debian-gcc 0.2 10.49 65.97 76.46 OK
r-devel-linux-x86_64-fedora-clang 0.2 120.06 OK
r-devel-linux-x86_64-fedora-gcc 0.2 116.83 OK
r-devel-windows-ix86+x86_64 0.2 27.00 95.00 122.00 OK
r-devel-windows-ix86+x86_64-gcc8 0.2 36.00 139.00 175.00 OK
r-patched-linux-x86_64 0.2 11.48 75.55 87.03 OK
r-patched-solaris-x86 0.2 175.50 OK
r-release-linux-x86_64 0.2 10.56 75.97 86.53 OK
r-release-windows-ix86+x86_64 0.2 22.00 86.00 108.00 OK
r-release-osx-x86_64 0.2 WARN
r-oldrel-windows-ix86+x86_64 0.2 14.00 88.00 102.00 OK
r-oldrel-osx-x86_64 0.2 WARN

Check Details

Version: 0.2
Check: dependencies in R code
Result: NOTE
    No protocol specified
    No protocol specified
Flavors: r-release-osx-x86_64, r-oldrel-osx-x86_64

Version: 0.2
Check: S3 generic/method consistency
Result: WARN
    No protocol specified
    No protocol specified
    See section ‘Generic functions and methods’ in the ‘Writing R
    Extensions’ manual.
Flavors: r-release-osx-x86_64, r-oldrel-osx-x86_64

Version: 0.2
Check: replacement functions
Result: WARN
    No protocol specified
    No protocol specified
    The argument of a replacement function which corresponds to the right
    hand side must be named ‘value’.
Flavors: r-release-osx-x86_64, r-oldrel-osx-x86_64

Version: 0.2
Check: foreign function calls
Result: NOTE
    No protocol specified
    No protocol specified
    See chapter ‘System and foreign language interfaces’ in the ‘Writing R
    Extensions’ manual.
Flavors: r-release-osx-x86_64, r-oldrel-osx-x86_64

Version: 0.2
Check: R code for possible problems
Result: NOTE
    No protocol specified
    No protocol specified
Flavors: r-release-osx-x86_64, r-oldrel-osx-x86_64

Version: 0.2
Check: for missing documentation entries
Result: WARN
    No protocol specified
    No protocol specified
    All user-level objects in a package should have documentation entries.
    See chapter ‘Writing R documentation files’ in the ‘Writing R
    Extensions’ manual.
Flavors: r-release-osx-x86_64, r-oldrel-osx-x86_64

Version: 0.2
Check: for code/documentation mismatches
Result: WARN
    No protocol specified
    No protocol specified
    No protocol specified
    No protocol specified
    No protocol specified
    No protocol specified
Flavors: r-release-osx-x86_64, r-oldrel-osx-x86_64

Version: 0.2
Check: Rd \usage sections
Result: NOTE
    No protocol specified
    No protocol specified
    The \usage entries for S3 methods should use the \method markup and not
    their full name.
    See chapter ‘Writing R documentation files’ in the ‘Writing R
    Extensions’ manual.
Flavors: r-release-osx-x86_64, r-oldrel-osx-x86_64