CRAN Package Check Results for Package ispd

Last updated on 2020-07-06 21:50:29 CEST.

Flavor Version Tinstall Tcheck Ttotal Status Flags
r-devel-linux-x86_64-debian-clang 0.2 12.76 89.05 101.81 OK
r-devel-linux-x86_64-debian-gcc 0.2 10.67 67.34 78.01 OK
r-devel-linux-x86_64-fedora-clang 0.2 130.42 OK
r-devel-linux-x86_64-fedora-gcc 0.2 119.70 OK
r-devel-windows-ix86+x86_64 0.2 33.00 130.00 163.00 OK
r-patched-linux-x86_64 0.2 12.92 86.08 99.00 OK
r-patched-solaris-x86 0.2 192.90 OK
r-release-linux-x86_64 0.2 12.44 85.78 98.22 OK
r-release-osx-x86_64 0.2 OK
r-release-windows-ix86+x86_64 0.2 23.00 96.00 119.00 OK
r-oldrel-osx-x86_64 0.2 WARN
r-oldrel-windows-ix86+x86_64 0.2 27.00 133.00 160.00 OK

Check Details

Version: 0.2
Check: dependencies in R code
Result: NOTE
    No protocol specified
    No protocol specified
Flavor: r-oldrel-osx-x86_64

Version: 0.2
Check: S3 generic/method consistency
Result: WARN
    No protocol specified
    No protocol specified
    See section ‘Generic functions and methods’ in the ‘Writing R
    Extensions’ manual.
Flavor: r-oldrel-osx-x86_64

Version: 0.2
Check: replacement functions
Result: WARN
    No protocol specified
    No protocol specified
    The argument of a replacement function which corresponds to the right
    hand side must be named ‘value’.
Flavor: r-oldrel-osx-x86_64

Version: 0.2
Check: foreign function calls
Result: NOTE
    No protocol specified
    No protocol specified
    See chapter ‘System and foreign language interfaces’ in the ‘Writing R
    Extensions’ manual.
Flavor: r-oldrel-osx-x86_64

Version: 0.2
Check: R code for possible problems
Result: NOTE
    No protocol specified
    No protocol specified
Flavor: r-oldrel-osx-x86_64

Version: 0.2
Check: for missing documentation entries
Result: WARN
    No protocol specified
    No protocol specified
    All user-level objects in a package should have documentation entries.
    See chapter ‘Writing R documentation files’ in the ‘Writing R
    Extensions’ manual.
Flavor: r-oldrel-osx-x86_64

Version: 0.2
Check: for code/documentation mismatches
Result: WARN
    No protocol specified
    No protocol specified
    No protocol specified
    No protocol specified
    No protocol specified
    No protocol specified
Flavor: r-oldrel-osx-x86_64

Version: 0.2
Check: Rd \usage sections
Result: NOTE
    No protocol specified
    No protocol specified
    The \usage entries for S3 methods should use the \method markup and not
    their full name.
    See chapter ‘Writing R documentation files’ in the ‘Writing R
    Extensions’ manual.
Flavor: r-oldrel-osx-x86_64