CRAN Package Check Results for Package isotree

Last updated on 2021-04-15 09:50:02 CEST.

Flavor Version Tinstall Tcheck Ttotal Status Flags
r-devel-linux-x86_64-debian-clang 0.2.7 99.64 41.11 140.75 OK
r-devel-linux-x86_64-debian-gcc 0.2.7 69.97 31.90 101.87 OK
r-devel-linux-x86_64-fedora-clang 0.2.7 197.18 NOTE
r-devel-linux-x86_64-fedora-gcc 0.2.7 178.40 OK
r-devel-windows-ix86+x86_64 0.2.7 202.00 95.00 297.00 OK
r-devel-windows-x86_64-gcc10-UCRT 0.2.7 OK
r-patched-linux-x86_64 0.2.7 81.22 39.47 120.69 OK
r-patched-solaris-x86 0.2.7 161.00 OK
r-release-linux-x86_64 0.2.7 72.14 39.26 111.40 OK
r-release-macos-x86_64 0.2.7 NOTE
r-release-windows-ix86+x86_64 0.2.7 161.00 97.00 258.00 OK
r-oldrel-macos-x86_64 0.2.7 NOTE
r-oldrel-windows-ix86+x86_64 0.2.7 177.00 71.00 248.00 OK

Check Details

Version: 0.2.7
Check: installed package size
Result: NOTE
     installed size is 9.2Mb
     sub-directories of 1Mb or more:
     libs 9.0Mb
Flavors: r-devel-linux-x86_64-fedora-clang, r-release-macos-x86_64, r-oldrel-macos-x86_64