CRAN Package Check Results for Package irtoys

Last updated on 2021-04-15 09:50:02 CEST.

Flavor Version Tinstall Tcheck Ttotal Status Flags
r-devel-linux-x86_64-debian-clang 0.2.1 12.75 102.00 114.75 NOTE
r-devel-linux-x86_64-debian-gcc 0.2.1 10.04 78.61 88.65 NOTE
r-devel-linux-x86_64-fedora-clang 0.2.1 149.21 OK
r-devel-linux-x86_64-fedora-gcc 0.2.1 139.36 OK
r-devel-windows-ix86+x86_64 0.2.1 25.00 172.00 197.00 NOTE
r-devel-windows-x86_64-gcc10-UCRT 0.2.1 OK
r-patched-linux-x86_64 0.2.1 11.24 97.68 108.92 NOTE
r-patched-solaris-x86 0.2.1 211.40 OK
r-release-linux-x86_64 0.2.1 12.17 97.50 109.67 NOTE
r-release-macos-x86_64 0.2.1 OK
r-release-windows-ix86+x86_64 0.2.1 21.00 166.00 187.00 NOTE
r-oldrel-macos-x86_64 0.2.1 FAIL
r-oldrel-windows-ix86+x86_64 0.2.1 21.00 119.00 140.00 OK

Check Details

Version: 0.2.1
Check: package vignettes
Result: NOTE
    Package vignette with placeholder title 'Vignette Title':
     'irtoys-vignette.Rmd'
Flavors: r-devel-linux-x86_64-debian-clang, r-devel-linux-x86_64-debian-gcc, r-devel-windows-ix86+x86_64, r-patched-linux-x86_64, r-release-linux-x86_64, r-release-windows-ix86+x86_64

Version: 0.2.1
Check: whether package can be installed
Result: FAIL
Flavor: r-oldrel-macos-x86_64