CRAN Package Check Results for Package irtGUI

Last updated on 2021-10-27 08:56:07 CEST.

Flavor Version Tinstall Tcheck Ttotal Status Flags
r-devel-linux-x86_64-debian-clang 0.2 8.84 84.93 93.77 NOTE
r-devel-linux-x86_64-debian-gcc 0.2 8.13 66.06 74.19 NOTE
r-devel-linux-x86_64-fedora-clang 0.2 124.97 NOTE
r-devel-linux-x86_64-fedora-gcc 0.2 113.92 NOTE
r-devel-windows-x86_64 0.2 17.00 107.00 124.00 NOTE
r-devel-windows-x86_64-gcc10-UCRT 0.2 NOTE
r-patched-linux-x86_64 0.2 10.10 81.88 91.98 NOTE
r-patched-solaris-x86 0.2 169.40 NOTE
r-release-linux-x86_64 0.2 9.22 82.21 91.43 NOTE
r-release-macos-arm64 0.2 NOTE
r-release-macos-x86_64 0.2 NOTE
r-release-windows-ix86+x86_64 0.2 17.00 111.00 128.00 NOTE
r-oldrel-macos-x86_64 0.2 OK
r-oldrel-windows-ix86+x86_64 0.2 25.00 135.00 160.00 OK

Check Details

Version: 0.2
Check: LazyData
Result: NOTE
     'LazyData' is specified without a 'data' directory
Flavors: r-devel-linux-x86_64-debian-clang, r-devel-linux-x86_64-debian-gcc, r-devel-linux-x86_64-fedora-clang, r-devel-linux-x86_64-fedora-gcc, r-devel-windows-x86_64, r-devel-windows-x86_64-gcc10-UCRT, r-patched-linux-x86_64, r-patched-solaris-x86, r-release-linux-x86_64, r-release-macos-arm64, r-release-macos-x86_64, r-release-windows-ix86+x86_64