CRAN Package Check Results for Package iprior

Last updated on 2020-02-21 17:47:49 CET.

Flavor Version Tinstall Tcheck Ttotal Status Flags
r-devel-linux-x86_64-debian-clang 0.7.3 74.07 86.05 160.12 OK
r-devel-linux-x86_64-debian-gcc 0.7.3 49.72 66.78 116.50 OK
r-devel-linux-x86_64-fedora-clang 0.7.3 208.21 NOTE
r-devel-linux-x86_64-fedora-gcc 0.7.3 201.49 OK
r-devel-windows-ix86+x86_64 0.7.3 119.00 126.00 245.00 OK
r-devel-windows-ix86+x86_64-gcc8 0.7.3 188.00 181.00 369.00 OK
r-patched-linux-x86_64 0.7.3 58.42 77.65 136.07 OK
r-patched-solaris-x86 0.7.3 180.00 OK
r-release-linux-x86_64 0.7.3 55.37 77.58 132.95 OK
r-release-windows-ix86+x86_64 0.7.3 136.00 131.00 267.00 OK
r-release-osx-x86_64 0.7.3 NOTE
r-oldrel-windows-ix86+x86_64 0.7.3 115.00 116.00 231.00 OK
r-oldrel-osx-x86_64 0.7.3 NOTE

Check Details

Version: 0.7.3
Check: installed package size
Result: NOTE
     installed size is 8.7Mb
     sub-directories of 1Mb or more:
     libs 7.4Mb
Flavors: r-devel-linux-x86_64-fedora-clang, r-release-osx-x86_64, r-oldrel-osx-x86_64