CRAN Package Check Results for Package iotables

Last updated on 2020-02-27 17:50:58 CET.

Flavor Version Tinstall Tcheck Ttotal Status Flags
r-devel-linux-x86_64-debian-clang 0.4.2 13.79 143.64 157.43 OK
r-devel-linux-x86_64-debian-gcc 0.4.2 11.82 108.72 120.54 OK
r-devel-linux-x86_64-fedora-clang 0.4.2 191.48 NOTE
r-devel-linux-x86_64-fedora-gcc 0.4.2 187.27 NOTE
r-devel-windows-ix86+x86_64 0.4.2 31.00 158.00 189.00 OK
r-devel-windows-ix86+x86_64-gcc8 0.4.2 36.00 166.00 202.00 OK
r-patched-linux-x86_64 0.4.2 12.62 126.94 139.56 OK
r-patched-solaris-x86 0.4.2 260.70 NOTE
r-release-linux-x86_64 0.4.2 12.17 125.84 138.01 OK
r-release-windows-ix86+x86_64 0.4.2 32.00 140.00 172.00 OK
r-release-osx-x86_64 0.4.2 NOTE
r-oldrel-windows-ix86+x86_64 0.4.2 28.00 136.00 164.00 OK
r-oldrel-osx-x86_64 0.4.2 NOTE

Check Details

Version: 0.4.2
Check: data for non-ASCII characters
Result: NOTE
     Note: found 53206 marked UTF-8 strings
Flavors: r-devel-linux-x86_64-fedora-clang, r-devel-linux-x86_64-fedora-gcc, r-patched-solaris-x86, r-release-osx-x86_64, r-oldrel-osx-x86_64