CRAN Package Check Results for Package investr

Last updated on 2021-04-15 09:50:02 CEST.

Flavor Version Tinstall Tcheck Ttotal Status Flags
r-devel-linux-x86_64-debian-clang 1.4.0 5.09 48.37 53.46 OK
r-devel-linux-x86_64-debian-gcc 1.4.0 2.80 37.59 40.39 OK
r-devel-linux-x86_64-fedora-clang 1.4.0 73.75 NOTE
r-devel-linux-x86_64-fedora-gcc 1.4.0 62.06 OK
r-devel-windows-ix86+x86_64 1.4.0 8.00 67.00 75.00 OK
r-devel-windows-x86_64-gcc10-UCRT 1.4.0 OK
r-patched-linux-x86_64 1.4.0 4.44 46.12 50.56 OK
r-patched-solaris-x86 1.4.0 89.40 OK
r-release-linux-x86_64 1.4.0 4.73 46.40 51.13 OK
r-release-macos-x86_64 1.4.0 OK
r-release-windows-ix86+x86_64 1.4.0 6.00 65.00 71.00 OK
r-oldrel-macos-x86_64 1.4.0 OK
r-oldrel-windows-ix86+x86_64 1.4.0 7.00 56.00 63.00 OK

Check Details

Version: 1.4.0
Check: Rd cross-references
Result: NOTE
    Undeclared package ‘nlstools’ in Rd xrefs
Flavor: r-devel-linux-x86_64-fedora-clang