CRAN Package Check Results for Package intervals

Last updated on 2020-02-21 17:47:49 CET.

Flavor Version Tinstall Tcheck Ttotal Status Flags
r-devel-linux-x86_64-debian-clang 0.15.1 10.38 45.18 55.56 OK
r-devel-linux-x86_64-debian-gcc 0.15.1 7.65 34.88 42.53 OK
r-devel-linux-x86_64-fedora-clang 0.15.1 74.42 NOTE
r-devel-linux-x86_64-fedora-gcc 0.15.1 68.00 NOTE
r-devel-windows-ix86+x86_64 0.15.1 30.00 84.00 114.00 OK
r-devel-windows-ix86+x86_64-gcc8 0.15.1 33.00 110.00 143.00 OK
r-patched-linux-x86_64 0.15.1 8.13 39.85 47.98 OK
r-patched-solaris-x86 0.15.1 92.00 OK
r-release-linux-x86_64 0.15.1 7.26 40.14 47.40 OK
r-release-windows-ix86+x86_64 0.15.1 24.00 110.00 134.00 OK
r-release-osx-x86_64 0.15.1 OK
r-oldrel-windows-ix86+x86_64 0.15.1 21.00 77.00 98.00 OK
r-oldrel-osx-x86_64 0.15.1 OK

Check Details

Version: 0.15.1
Check: compiled code
Result: NOTE
    File ‘intervals/libs/intervals.so’:
     Found no calls to: ‘R_registerRoutines’, ‘R_useDynamicSymbols’
    
    It is good practice to register native routines and to disable symbol
    search.
    
    See ‘Writing portable packages’ in the ‘Writing R Extensions’ manual.
Flavors: r-devel-linux-x86_64-fedora-clang, r-devel-linux-x86_64-fedora-gcc