CRAN Package Check Results for Package interfr

Last updated on 2020-05-29 17:49:07 CEST.

Flavor Version Tinstall Tcheck Ttotal Status Flags
r-devel-linux-x86_64-debian-clang 0.1.0 2.64 23.18 25.82 WARN
r-devel-linux-x86_64-debian-gcc 0.1.0 2.09 18.42 20.51 OK
r-devel-linux-x86_64-fedora-clang 0.1.0 40.43 OK
r-devel-linux-x86_64-fedora-gcc 0.1.0 31.94 OK
r-devel-windows-ix86+x86_64 0.1.0 8.00 39.00 47.00 WARN
r-patched-linux-x86_64 0.1.0 2.74 23.05 25.79 OK
r-patched-solaris-x86 0.1.0 51.10 OK
r-release-linux-x86_64 0.1.0 2.73 23.27 26.00 OK
r-release-osx-x86_64 0.1.0 OK
r-release-windows-ix86+x86_64 0.1.0 6.00 48.00 54.00 OK
r-oldrel-osx-x86_64 0.1.0 OK
r-oldrel-windows-ix86+x86_64 0.1.0 10.00 36.00 46.00 OK

Check Details

Version: 0.1.0
Check: whether package can be installed
Result: WARN
    Found the following significant warnings:
     Warning: S4 exports specified in 'NAMESPACE' but not defined in package 'spacesXYZ'
     Warning: S4 exports specified in 'NAMESPACE' but not defined in package 'colorSpec'
Flavors: r-devel-linux-x86_64-debian-clang, r-devel-windows-ix86+x86_64