CRAN Package Check Results for Package intensity.analysis

Last updated on 2020-05-29 17:49:07 CEST.

Flavor Version Tinstall Tcheck Ttotal Status Flags
r-devel-linux-x86_64-debian-clang 0.1.6 9.99 124.57 134.56 OK
r-devel-linux-x86_64-debian-gcc 0.1.6 9.77 93.95 103.72 OK
r-devel-linux-x86_64-fedora-clang 0.1.6 160.15 NOTE
r-devel-linux-x86_64-fedora-gcc 0.1.6 157.71 NOTE
r-devel-windows-ix86+x86_64 0.1.6 30.00 162.00 192.00 OK
r-patched-linux-x86_64 0.1.6 11.37 119.32 130.69 OK
r-patched-solaris-x86 0.1.6 229.20 NOTE
r-release-linux-x86_64 0.1.6 10.00 120.58 130.58 OK
r-release-osx-x86_64 0.1.6 FAIL
r-release-windows-ix86+x86_64 0.1.6 24.00 191.00 215.00 OK
r-oldrel-osx-x86_64 0.1.6 NOTE
r-oldrel-windows-ix86+x86_64 0.1.6 23.00 118.00 141.00 OK

Check Details

Version: 0.1.6
Check: dependencies in R code
Result: NOTE
    Namespace in Imports field not imported from: ‘grDevices’
     All declared Imports should be used.
Flavors: r-devel-linux-x86_64-fedora-clang, r-devel-linux-x86_64-fedora-gcc, r-patched-solaris-x86, r-release-osx-x86_64, r-oldrel-osx-x86_64

Version: 0.1.6
Check: running R code from vignettes
Result: ERROR
    Errors in running code in vignettes:
    when running code in ‘README.Rmd’
     ...
    
    Execution halted
    
    ... incomplete output. Crash?
    
     ‘README.Rmd’ using ‘UTF-8’... failed to complete the test
Flavor: r-release-osx-x86_64

Version: 0.1.6
Check: re-building of vignette outputs
Result: FAIL
Flavor: r-release-osx-x86_64