CRAN Package Check Results for Package insuranceData

Last updated on 2021-06-22 09:51:39 CEST.

Flavor Version Tinstall Tcheck Ttotal Status Flags
r-devel-linux-x86_64-debian-clang 1.0 1.75 18.63 20.38 NOTE
r-devel-linux-x86_64-debian-gcc 1.0 1.26 14.98 16.24 NOTE
r-devel-linux-x86_64-fedora-clang 1.0 34.07 NOTE
r-devel-linux-x86_64-fedora-gcc 1.0 24.72 NOTE
r-devel-windows-x86_64 1.0 3.00 27.00 30.00 NOTE
r-devel-windows-x86_64-gcc10-UCRT 1.0 NOTE
r-patched-linux-x86_64 1.0 1.94 18.39 20.33 NOTE
r-patched-solaris-x86 1.0 43.40 NOTE
r-release-linux-x86_64 1.0 1.73 18.23 19.96 NOTE
r-release-macos-arm64 1.0 NOTE
r-release-macos-x86_64 1.0 NOTE
r-release-windows-ix86+x86_64 1.0 3.00 28.00 31.00 NOTE
r-oldrel-macos-x86_64 1.0 NOTE
r-oldrel-windows-ix86+x86_64 1.0 3.00 25.00 28.00 NOTE

Check Details

Version: 1.0
Check: DESCRIPTION meta-information
Result: NOTE
    Malformed Title field: should not end in a period.
Flavors: r-devel-linux-x86_64-debian-clang, r-devel-linux-x86_64-debian-gcc, r-devel-linux-x86_64-fedora-clang, r-devel-linux-x86_64-fedora-gcc, r-devel-windows-x86_64, r-devel-windows-x86_64-gcc10-UCRT, r-patched-linux-x86_64, r-patched-solaris-x86, r-release-linux-x86_64, r-release-macos-arm64, r-release-macos-x86_64, r-release-windows-ix86+x86_64, r-oldrel-macos-x86_64, r-oldrel-windows-ix86+x86_64