CRAN Package Check Results for Package incgraph

Last updated on 2021-04-15 09:50:02 CEST.

Flavor Version Tinstall Tcheck Ttotal Status Flags
r-devel-linux-x86_64-debian-clang 1.0.1 25.46 58.23 83.69 OK
r-devel-linux-x86_64-debian-gcc 1.0.1 18.72 43.41 62.13 OK
r-devel-linux-x86_64-fedora-clang 1.0.1 113.67 NOTE
r-devel-linux-x86_64-fedora-gcc 1.0.1 99.19 NOTE
r-devel-windows-ix86+x86_64 1.0.1 61.00 125.00 186.00 OK
r-devel-windows-x86_64-gcc10-UCRT 1.0.1 NOTE
r-patched-linux-x86_64 1.0.1 21.90 53.97 75.87 OK
r-patched-solaris-x86 1.0.1 128.60 NOTE
r-release-linux-x86_64 1.0.1 22.98 53.88 76.86 OK
r-release-macos-x86_64 1.0.1 NOTE
r-release-windows-ix86+x86_64 1.0.1 62.00 118.00 180.00 OK
r-oldrel-macos-x86_64 1.0.1 NOTE
r-oldrel-windows-ix86+x86_64 1.0.1 41.00 84.00 125.00 OK

Check Details

Version: 1.0.1
Check: dependencies in R code
Result: NOTE
    Namespace in Imports field not imported from: ‘testthat’
     All declared Imports should be used.
Flavors: r-devel-linux-x86_64-fedora-clang, r-devel-linux-x86_64-fedora-gcc, r-devel-windows-x86_64-gcc10-UCRT, r-patched-solaris-x86, r-release-macos-x86_64, r-oldrel-macos-x86_64