CRAN Package Check Results for Package importinegi

Last updated on 2020-05-29 17:49:07 CEST.

Flavor Version Tinstall Tcheck Ttotal Status Flags
r-devel-linux-x86_64-debian-clang 1.1.2 3.02 27.55 30.57 OK
r-devel-linux-x86_64-debian-gcc 1.1.2 2.79 21.80 24.59 OK
r-devel-linux-x86_64-fedora-clang 1.1.2 48.52 NOTE
r-devel-linux-x86_64-fedora-gcc 1.1.2 37.73 NOTE
r-devel-windows-ix86+x86_64 1.1.2 12.00 52.00 64.00 OK
r-patched-linux-x86_64 1.1.2 3.60 27.27 30.87 OK
r-patched-solaris-x86 1.1.2 55.50 NOTE
r-release-linux-x86_64 1.1.2 3.79 27.42 31.21 OK
r-release-osx-x86_64 1.1.2 NOTE
r-release-windows-ix86+x86_64 1.1.2 7.00 40.00 47.00 OK
r-oldrel-osx-x86_64 1.1.2 NOTE
r-oldrel-windows-ix86+x86_64 1.1.2 6.00 40.00 46.00 OK

Check Details

Version: 1.1.2
Check: dependencies in R code
Result: NOTE
    Namespaces in Imports field not imported from:
     ‘data.table’ ‘dplyr’ ‘haven’
     All declared Imports should be used.
Flavors: r-devel-linux-x86_64-fedora-clang, r-devel-linux-x86_64-fedora-gcc, r-patched-solaris-x86, r-release-osx-x86_64, r-oldrel-osx-x86_64