CRAN Package Check Results for Package immcp

Last updated on 2021-06-20 09:49:52 CEST.

Flavor Version Tinstall Tcheck Ttotal Status Flags
r-devel-linux-x86_64-debian-clang 0.9.2 50.01 477.04 527.05 OK
r-devel-linux-x86_64-debian-gcc 0.9.2 40.46 362.96 403.42 OK
r-devel-linux-x86_64-fedora-clang 0.9.2 654.08 NOTE
r-devel-linux-x86_64-fedora-gcc 0.9.2 690.44 NOTE
r-devel-windows-x86_64 0.9.2 74.00 539.00 613.00 OK
r-devel-windows-x86_64-gcc10-UCRT 0.9.2 ERROR
r-patched-linux-x86_64 0.9.2 43.72 456.85 500.57 OK
r-patched-solaris-x86 0.9.2 805.50 NOTE
r-release-linux-x86_64 0.9.2 46.29 456.02 502.31 OK
r-release-macos-arm64 0.9.2 ERROR
r-release-macos-x86_64 0.9.2 ERROR
r-release-windows-ix86+x86_64 0.9.2 110.00 527.00 637.00 OK
r-oldrel-macos-x86_64 0.9.2 ERROR
r-oldrel-windows-ix86+x86_64 0.9.2 65.00 448.00 513.00 OK

Check Details

Version: 0.9.2
Check: dependencies in R code
Result: NOTE
    Namespaces in Imports field not imported from:
     ‘methods’ ‘reshape2’
     All declared Imports should be used.
Flavors: r-devel-linux-x86_64-fedora-clang, r-devel-linux-x86_64-fedora-gcc, r-patched-solaris-x86

Version: 0.9.2
Check: package dependencies
Result: ERROR
    Packages required but not available: 'GSEABase', 'GSVA'
    
    See section 'The DESCRIPTION file' in the 'Writing R Extensions'
    manual.
Flavor: r-devel-windows-x86_64-gcc10-UCRT

Version: 0.9.2
Check: package dependencies
Result: ERROR
    Packages required but not available: 'clusterProfiler', 'GSEABase', 'GSVA'
    
    See section ‘The DESCRIPTION file’ in the ‘Writing R Extensions’
    manual.
Flavor: r-release-macos-arm64

Version: 0.9.2
Check: package dependencies
Result: ERROR
    Package required but not available: ‘clusterProfiler’
    
    See section ‘The DESCRIPTION file’ in the ‘Writing R Extensions’
    manual.
Flavors: r-release-macos-x86_64, r-oldrel-macos-x86_64