CRAN Package Check Results for Package imgrec

Last updated on 2020-03-30 20:48:30 CEST.

Flavor Version Tinstall Tcheck Ttotal Status Flags
r-devel-linux-x86_64-debian-clang 0.1.0 4.18 36.54 40.72 OK
r-devel-linux-x86_64-debian-gcc 0.1.0 3.85 29.04 32.89 OK
r-devel-linux-x86_64-fedora-clang 0.1.0 50.12 NOTE
r-devel-linux-x86_64-fedora-gcc 0.1.0 48.63 NOTE
r-devel-windows-ix86+x86_64 0.1.0 15.00 47.00 62.00 OK
r-devel-windows-ix86+x86_64-gcc8 0.1.0 11.00 50.00 61.00 OK
r-patched-linux-x86_64 0.1.0 3.72 34.85 38.57 OK
r-patched-solaris-x86 0.1.0 73.50 NOTE
r-release-linux-x86_64 0.1.0 3.78 33.39 37.17 OK
r-release-windows-ix86+x86_64 0.1.0 19.00 71.00 90.00 OK
r-release-osx-x86_64 0.1.0 NOTE
r-oldrel-windows-ix86+x86_64 0.1.0 12.00 66.00 78.00 OK
r-oldrel-osx-x86_64 0.1.0 NOTE

Check Details

Version: 0.1.0
Check: dependencies in R code
Result: NOTE
    Namespace in Imports field not imported from: ‘knitr’
     All declared Imports should be used.
Flavors: r-devel-linux-x86_64-fedora-clang, r-devel-linux-x86_64-fedora-gcc, r-patched-solaris-x86, r-release-osx-x86_64, r-oldrel-osx-x86_64