CRAN Package Check Results for Package ihs

Last updated on 2020-02-24 20:47:21 CET.

Flavor Version Tinstall Tcheck Ttotal Status Flags
r-devel-linux-x86_64-debian-clang 1.0 3.30 26.37 29.67 NOTE
r-devel-linux-x86_64-debian-gcc 1.0 2.52 21.36 23.88 NOTE
r-devel-linux-x86_64-fedora-clang 1.0 36.19 NOTE
r-devel-linux-x86_64-fedora-gcc 1.0 35.79 NOTE
r-devel-windows-ix86+x86_64 1.0 6.00 41.00 47.00 NOTE
r-devel-windows-ix86+x86_64-gcc8 1.0 9.00 58.00 67.00 NOTE
r-patched-linux-x86_64 1.0 1.89 24.50 26.39 NOTE
r-patched-solaris-x86 1.0 51.90 NOTE
r-release-linux-x86_64 1.0 2.47 24.21 26.68 NOTE
r-release-windows-ix86+x86_64 1.0 5.00 39.00 44.00 NOTE
r-release-osx-x86_64 1.0 NOTE
r-oldrel-windows-ix86+x86_64 1.0 3.00 40.00 43.00 NOTE
r-oldrel-osx-x86_64 1.0 NOTE

Check Details

Version: 1.0
Check: R code for possible problems
Result: NOTE
    ihs.mle: no visible global function definition for 'as.formula'
    pihs: no visible global function definition for 'pnorm'
    qihs: no visible global function definition for 'qnorm'
    rihs: no visible global function definition for 'rnorm'
    Undefined global functions or variables:
     as.formula pnorm qnorm rnorm
    Consider adding
     importFrom("stats", "as.formula", "pnorm", "qnorm", "rnorm")
    to your NAMESPACE file.
Flavors: r-devel-linux-x86_64-debian-clang, r-devel-linux-x86_64-debian-gcc, r-devel-linux-x86_64-fedora-clang, r-devel-linux-x86_64-fedora-gcc, r-devel-windows-ix86+x86_64, r-devel-windows-ix86+x86_64-gcc8, r-patched-linux-x86_64, r-patched-solaris-x86, r-release-linux-x86_64, r-release-windows-ix86+x86_64, r-release-osx-x86_64, r-oldrel-windows-ix86+x86_64, r-oldrel-osx-x86_64