CRAN Package Check Results for Package igraph

Last updated on 2021-10-27 08:56:07 CEST.

Flavor Version Tinstall Tcheck Ttotal Status Flags
r-devel-linux-x86_64-debian-clang 1.2.7 196.91 294.24 491.15 OK
r-devel-linux-x86_64-debian-gcc 1.2.7 148.62 224.52 373.14 OK
r-devel-linux-x86_64-fedora-clang 1.2.7 665.54 NOTE
r-devel-linux-x86_64-fedora-gcc 1.2.7 626.00 OK
r-devel-windows-x86_64 1.2.7 254.00 468.00 722.00 NOTE
r-devel-windows-x86_64-gcc10-UCRT 1.2.7 WARN
r-patched-linux-x86_64 1.2.7 179.90 288.50 468.40 OK
r-patched-solaris-x86 1.2.7 878.70 NOTE
r-release-linux-x86_64 1.2.7 180.78 289.32 470.10 OK
r-release-macos-arm64 1.2.7 NOTE
r-release-macos-x86_64 1.2.7 NOTE
r-release-windows-ix86+x86_64 1.2.7 466.00 642.00 1108.00 NOTE
r-oldrel-macos-x86_64 1.2.7 NOTE
r-oldrel-windows-ix86+x86_64 1.2.7 473.00 637.00 1110.00 NOTE

Additional issues

gcc-UBSAN LTO

Check Details

Version: 1.2.7
Check: installed package size
Result: NOTE
     installed size is 15.9Mb
     sub-directories of 1Mb or more:
     R 1.4Mb
     help 1.1Mb
     libs 12.9Mb
Flavors: r-devel-linux-x86_64-fedora-clang, r-devel-windows-x86_64, r-patched-solaris-x86, r-release-macos-arm64, r-release-macos-x86_64, r-release-windows-ix86+x86_64, r-oldrel-macos-x86_64, r-oldrel-windows-ix86+x86_64

Version: 1.2.7
Check: whether package can be installed
Result: WARN
    Found the following significant warnings:
     uuid/gen_uuid.c:435:7: warning: implicit declaration of function 'ftruncate'; did you mean 'strncat'? [-Wimplicit-function-declaration]
Flavor: r-devel-windows-x86_64-gcc10-UCRT